{"id":15805,"date":"2026-04-17T12:19:27","date_gmt":"2026-04-17T10:19:27","guid":{"rendered":"https:\/\/ausbildung-frankfurt.de\/?post_type=job_listing&#038;p=15805"},"modified":"2026-04-24T17:55:47","modified_gmt":"2026-04-24T15:55:47","slug":"ausbildung-fachkraft-fuer-lagerlogistik-m-w-d-6","status":"publish","type":"job_listing","link":"https:\/\/ausbildung-frankfurt.de\/en\/job\/ausbildung-fachkraft-fuer-lagerlogistik-m-w-d-6\/","title":{"rendered":"Ausbildung Fachkraft f\u00fcr Lagerlogistik (m\/w\/d)"},"content":{"rendered":"\n<p>Das erwartet Dich bei uns<\/p>\n\n\n\n<p>Als Fachkraft f\u00fcr Lagerlogistik (m\/w\/d) sorgst du f\u00fcr die optimale Lagerorganisation und verlierst nie den \u00dcberblick. Dazu geh\u00f6ren das Kontrollieren von Lieferungen im Warenein- und Ausgang sowie die fachgerechte Lagerung und das Vorbereiten der Waren f\u00fcr den Versand.<\/p>\n\n\n\n<p>Das erwartet Dich:<\/p>\n\n\n\n<ul class=\"wp-block-list\">\n<li>Du erh\u00e4ltst Einblicke in Produktion und Lager und machst interne Praktika in verschiedenen anderen Abteilungen, wie z.B. im Einkauf und Marketing<\/li>\n\n\n\n<li>Du arbeitest direkt im Tagesgesch\u00e4ft mit<\/li>\n\n\n\n<li>Zudem \u00fcbernimmst Du Verantwortung durch eigene Aufgaben und Projekte<\/li>\n\n\n\n<li>Du erh\u00e4ltst eine enge Betreuung durch pers\u00f6nliche Ansprechpartner\/innen und wirst in deiner pers\u00f6nlichen Entwicklung unterst\u00fctzt<\/li>\n\n\n\n<li>Du erh\u00e4ltst ein attraktives Ausbildungsgehalt und Leistungen zur Altersvorsorge<\/li>\n<\/ul>\n\n\n\n<p>Das solltest Du mitbringen<\/p>\n\n\n\n<ul class=\"wp-block-list\">\n<li>Sehr guter Haupt- oder Realschulabschluss<\/li>\n\n\n\n<li>Gute Deutschkenntnisse<\/li>\n\n\n\n<li>Zuverl\u00e4ssigkeit und Gewissenhaftigkeit<\/li>\n\n\n\n<li>Belastbarkeit und Selbstst\u00e4ndigkeit<\/li>\n\n\n\n<li>Team- und Kommunikationsf\u00e4higkeit<\/li>\n<\/ul>\n","protected":false},"author":520,"featured_media":0,"comment_status":"closed","ping_status":"closed","template":"","job_listing_type":[141],"job_listing_category":[153],"job_listing_location":[255],"job_listing_tag":[],"class_list":["post-15805","job_listing","type-job_listing","status-publish","hentry","job_listing_type-ausbildung","job_listing_category-transport-logistik","job_listing_location-egelsbach"],"metas":{"_job_featured_image":"","_job_featured":"","_job_filled":"","_job_urgent":"","_job_category":{"153":"Transport &amp; Logistik"},"_job_type":{"141":"Ausbildung"},"_job_tag":[],"_job_expiry_date":"","_job_gender":"","_job_apply_type":"external","_job_apply_url":"https:\/\/www.ausbildung.de\/direktbewerbung\/ausbildung-fachkraft-fuer-lagerlogistik-m-w-d-bei-brady-gmbh-in-egelsbach-4faf58f1-d204-41cb-8f7e-b21651fb6fa4\/","_job_apply_email":"","_job_salary_type":"","_job_salary":"","_job_experience":"","_job_career_level":"","_job_qualification":"","_job_video_url":"","_job_photos":{"15816":"https:\/\/ausbildung-frankfurt.de\/wp-content\/uploads\/2026\/04\/job_posting_gallery_istockphoto-1170179204-170667a.webp","15818":"https:\/\/ausbildung-frankfurt.de\/wp-content\/uploads\/2026\/04\/job_posting_gallery_Vertriebsteam.webp","15820":"https:\/\/ausbildung-frankfurt.de\/wp-content\/uploads\/2026\/04\/job_posting_gallery_1690896020483.webp","15822":"https:\/\/ausbildung-frankfurt.de\/wp-content\/uploads\/2026\/04\/job_posting_gallery_Colorado_Warn_2016_web.webp","15824":"https:\/\/ausbildung-frankfurt.de\/wp-content\/uploads\/2026\/04\/job_posting_gallery_WhatsApp_Image_2024-06-06_at_00.01.44.webp"},"_job_application_deadline_date":"","_job_address":"Brady GmbH Seton Division, 1, Brady-Stra\u00dfe, Egelsbach, Landkreis Offenbach, Hesse, 63329, Germany","_job_location":{"255":"Egelsbach"},"_job_map_location":{"address":" Brady GmbH Seton Division, 1, Brady-Stra\u00dfe, Egelsbach, Landkreis Offenbach, Hesse, 63329, Germany","latitude":"49.9625568","longitude":"8.6629513"}},"_links":{"self":[{"href":"https:\/\/ausbildung-frankfurt.de\/en\/wp-json\/wp\/v2\/job_listing\/15805","targetHints":{"allow":["GET"]}}],"collection":[{"href":"https:\/\/ausbildung-frankfurt.de\/en\/wp-json\/wp\/v2\/job_listing"}],"about":[{"href":"https:\/\/ausbildung-frankfurt.de\/en\/wp-json\/wp\/v2\/types\/job_listing"}],"author":[{"embeddable":true,"href":"https:\/\/ausbildung-frankfurt.de\/en\/wp-json\/wp\/v2\/users\/520"}],"replies":[{"embeddable":true,"href":"https:\/\/ausbildung-frankfurt.de\/en\/wp-json\/wp\/v2\/comments?post=15805"}],"wp:attachment":[{"href":"https:\/\/ausbildung-frankfurt.de\/en\/wp-json\/wp\/v2\/media?parent=15805"}],"wp:term":[{"taxonomy":"job_listing_type","embeddable":true,"href":"https:\/\/ausbildung-frankfurt.de\/en\/wp-json\/wp\/v2\/job_listing_type?post=15805"},{"taxonomy":"job_listing_category","embeddable":true,"href":"https:\/\/ausbildung-frankfurt.de\/en\/wp-json\/wp\/v2\/job_listing_category?post=15805"},{"taxonomy":"job_listing_location","embeddable":true,"href":"https:\/\/ausbildung-frankfurt.de\/en\/wp-json\/wp\/v2\/job_listing_location?post=15805"},{"taxonomy":"job_listing_tag","embeddable":true,"href":"https:\/\/ausbildung-frankfurt.de\/en\/wp-json\/wp\/v2\/job_listing_tag?post=15805"}],"curies":[{"name":"wp","href":"https:\/\/api.w.org\/{rel}","templated":true}]}}

Ausbildung Fachkraft für Lagerlogistik (m/w/d)

<p>Das erwartet Dich bei uns</p>



<p>Als Fachkraft für Lagerlogistik (m/w/d) sorgst du für die optimale Lagerorganisation und verlierst nie den Überblick. Dazu gehören das Kontrollieren von Lieferungen im Warenein- und Ausgang sowie die fachgerechte Lagerung und das Vorbereiten der Waren für den Versand.</p>



<p>Das erwartet Dich:</p>



<ul class="wp-block-list">
<li>Du erhältst Einblicke in Produktion und Lager und machst interne Praktika in verschiedenen anderen Abteilungen, wie z.B. im Einkauf und Marketing</li>



<li>Du arbeitest direkt im Tagesgeschäft mit</li>



<li>Zudem übernimmst Du Verantwortung durch eigene Aufgaben und Projekte</li>



<li>Du erhältst eine enge Betreuung durch persönliche Ansprechpartner/innen und wirst in deiner persönlichen Entwicklung unterstützt</li>



<li>Du erhältst ein attraktives Ausbildungsgehalt und Leistungen zur Altersvorsorge</li>
</ul>



<p>Das solltest Du mitbringen</p>



<ul class="wp-block-list">
<li>Sehr guter Haupt- oder Realschulabschluss</li>



<li>Gute Deutschkenntnisse</li>



<li>Zuverlässigkeit und Gewissenhaftigkeit</li>



<li>Belastbarkeit und Selbstständigkeit</li>



<li>Team- und Kommunikationsfähigkeit</li>
</ul>

Brady GmbH Seton Division, 1, Brady-Straße, Egelsbach, Landkreis Offenbach, Hesse, 63329, Germany
