{"id":15847,"date":"2026-04-17T16:28:40","date_gmt":"2026-04-17T14:28:40","guid":{"rendered":"https:\/\/ausbildung-frankfurt.de\/?post_type=job_listing&#038;p=15847"},"modified":"2026-04-24T19:42:10","modified_gmt":"2026-04-24T17:42:10","slug":"dualer-student-m-w-d-bachelor-of-science-angewandte-informatik","status":"publish","type":"job_listing","link":"https:\/\/ausbildung-frankfurt.de\/en\/job\/dualer-student-m-w-d-bachelor-of-science-angewandte-informatik\/","title":{"rendered":"Dualer Student (m\/w\/d) Bachelor of Science Angewandte Informatik"},"content":{"rendered":"\n<p><strong>Die Zukunft braucht dich! Entwickle dich schon am Anfang deiner Karriere Richtung Klimaschutz. Arbeite mit Techem an noch besseren L\u00f6sungen f\u00fcr mehr Energieeffizienz, die Ressourcen und Klima schonen.<\/strong>&nbsp;<\/p>\n\n\n\n<p>Wir sorgen gemeinsam f\u00fcr die digitale Energiewende in Geb\u00e4uden. Als ein f\u00fchrender Servicepartner f\u00fcr smarte und nachhaltige Geb\u00e4ude bieten wir Effizienzsteigerung entlang der gesamten Wertsch\u00f6pfungskette von W\u00e4rme und Wasser in Immobilien an. Techem ist heute mit rund 4.300 Mitarbeitenden in 18 L\u00e4ndern aktiv und hat 13 Millionen Wohnungen im Service.&nbsp;<br>&nbsp;<br>Unsere Werte: Klarheit, Offenheit, Ehrlichkeit, Verbindlichkeit \u2013 Diversit\u00e4t und Inklusion sind bei uns Realit\u00e4t, nicht nur Buzzwords. Als Innovationstreiber bieten wir faszinierende Aufgaben in einem dynamischen Umfeld, flexible Arbeitsm\u00f6glichkeiten und eine offene Unternehmenskultur. Sei Teil der Revolution \u2013 Join Techem! \ud83d\ude80&nbsp;<br>&nbsp;<br>Willkommen im Helden-Team: Gemeinsam treiben wir den klimaneutralen Geb\u00e4udebestand voran \u2013 steig bei uns ein als:&nbsp;<\/p>\n\n\n\n<p><strong>Dualer Student (m\/w\/d)<\/strong>&nbsp;<\/p>\n\n\n\n<p><strong>Bachelor of Science&nbsp;<\/strong>&nbsp;<br><strong>Angewandte Informatik&nbsp;<\/strong>&nbsp;<\/p>\n\n\n\n<p><strong>Praxisphase in Eschborn<\/strong>&nbsp;<\/p>\n\n\n\n<p><strong>Theoriephase an der DHBW Mannheim&nbsp;<\/strong>&nbsp;<br>Start des dreij\u00e4hrigen Dualen Studiums ist am 01.09.2026&nbsp;<\/p>\n\n\n\n<p><strong>Deine Berufsausbildung ist f\u00fcr Techem besonders wichtig! Und wir haben ein Netzwerk von \u00fcber 100 Fachausbilder*innen, die uns dabei unterst\u00fctzen.&nbsp;&nbsp;&nbsp;<\/strong>&nbsp;&nbsp;<\/p>\n\n\n\n<p><strong>Deine Aufgaben \u2013 Du machst mit uns den Unterschied:<\/strong>&nbsp;<\/p>\n\n\n\n<ul class=\"wp-block-list\">\n<li>Du sorgst daf\u00fcr, dass aus modernen Informationstechnologien kreative L\u00f6sungen entstehen. Dabei schaust Du \u00fcber den IT-Tellerrand hinaus z.B. in Richtung Betriebswirtschaft.\u00a0\u00a0<\/li>\n\n\n\n<li>Die Grundlagen erlernst Du hierf\u00fcr an der Dualen Hochschule in Mannheim \u2013 insbesondere in den Bereichen Informatik, BWL und interkulturelle Kommunikation.\u00a0\u00a0<\/li>\n\n\n\n<li>Alle drei Monate folgt auf die Theorie die Praxis und Du setzt das Gelernte aktiv in unseren IT-Organisationsabteilungen um. Dabei unterst\u00fctzen Dich unsere vielf\u00e4ltigen Kommunikationstools ebenso wie Deine erfahrenen Kolleg*innen \u2013 damit Du nach Deinem Dualen Studium bestens vorbereitet bei uns durchstarten kannst.\u00a0<\/li>\n\n\n\n<li>In unseren Azubiprojekten kannst du Eigenverantwortung \u00fcbernehmen. Zusammen mit den anderen Auszubildenden bist Du f\u00fcr die Entwicklung, Organisation und Durchf\u00fchrung verschiedenster Projekte verantwortlich und kannst somit einen echten Mehrwert f\u00fcr das Unternehmen leisten.\u00a0<\/li>\n<\/ul>\n\n\n\n<p><strong>Ach und \u00fcbrigens: Wo wir eigentlich arbeiten? Mal im Office, mal zu Hause, mal hybrid \u2013 flexibel wird es f\u00fcr Dich in jedem Fall sein.<\/strong>&nbsp;<\/p>\n\n\n\n<p><strong>Dein Profil \u2013 Damit begeisterst Du uns:<\/strong>&nbsp;<\/p>\n\n\n\n<ul class=\"wp-block-list\">\n<li>Du bringst eine gute allgemeine Hochschulreife mit und hast gute Noten in Mathematik.\u00a0<\/li>\n\n\n\n<li>Du hast Spa\u00df daran Software nicht nur anzuwenden, sondern auch zu entwickeln &#8211; egal, ob alleine oder im Team.\u00a0<\/li>\n\n\n\n<li>Engagement und Eigeninitiative sind keine Fremdw\u00f6rter f\u00fcr Dich.\u00a0<\/li>\n\n\n\n<li>Du bringst bereits erste Erfahrungen in Programmiersprachen mit und hast Lust darauf, die Digitalisierung bei Techem voranzutreiben und uns mit Deinen Ideen zu \u00fcberraschen.\u00a0<\/li>\n<\/ul>\n\n\n\n<p><strong>Karriere bei Techem \u2013 Deine Vorteile:<\/strong>&nbsp;<\/p>\n\n\n\n<ul class=\"wp-block-list\">\n<li>W\u00e4hrend Deiner Ausbildung wirst Du von Deinen (Fach-)Ausbildern betreut und nimmst regelm\u00e4\u00dfig an Schulungsmodulen teil, die Dir das passende Werkzeug mit an die Hand geben.\u00a0<\/li>\n\n\n\n<li>F\u00fcr Deinen Ausbildungsberuf lernst Du alle relevanten Abteilungen bei Techem kennen und hast die M\u00f6glichkeit Deinen Ausbildungsplan aktiv mitzugestalten.\u00a0\u00a0<\/li>\n\n\n\n<li>Neben einer fairen Ausbildungsverg\u00fctung erh\u00e4ltst Du bei Techem u.a. einen Fahrgeldzuschuss zu den \u00f6ffentlichen Verkehrsmitteln und verm\u00f6genswirksame Leistungen.\u00a0<\/li>\n\n\n\n<li>Wir bieten Dir flexible Arbeitszeiten und 30 Tage Urlaub pro Kalenderjahr.\u00a0<\/li>\n\n\n\n<li>Techem ist smart und mobil \u2013 bei uns erh\u00e4lt jeder Azubi zu Beginn einen eigenen Laptop.\u00a0\u00a0<\/li>\n<\/ul>\n\n\n\n<p>Neugierig geworden? Dann bewirb Dich jetzt \u00fcber den untenstehenden Button oder \u00fcber unsere Website&nbsp;<strong>ausbildung.techem.de<\/strong>. Dort findest Du auch noch weitere umfassende Informationen zu unserem Unternehmen und zur Ausbildung bei Techem.&nbsp;&nbsp;<\/p>\n\n\n\n<p><strong>Deine Bewerbung:<\/strong>&nbsp;<\/p>\n\n\n\n<p><strong>Verst\u00e4rke unser Team mit frischen Ideen.&nbsp;<\/strong>&nbsp;<\/p>\n\n\n\n<p><strong>Techem Energy Services GmbH<\/strong>&nbsp;<\/p>\n\n\n\n<p>Patrick Bauernschmitt &nbsp;<br>Hauptstr. 89&nbsp;<br>65760 Eschborn &nbsp;<br>Tel.: +49 6196\/522-2632 &nbsp;<br><a target=\"_blank\" href=\"https:\/\/www.techem.de\/\" rel=\"noreferrer noopener\">www.techem.de<\/a><\/p>\n","protected":false},"author":53,"featured_media":0,"comment_status":"closed","ping_status":"closed","template":"","job_listing_type":[142],"job_listing_category":[216,148],"job_listing_location":[205],"job_listing_tag":[],"class_list":["post-15847","job_listing","type-job_listing","status-publish","hentry","job_listing_type-duales-studium","job_listing_category-it-digitalisierung","job_listing_category-labor-technik","job_listing_location-eschborn"],"metas":{"_job_featured_image":"","_job_featured":"","_job_filled":"","_job_urgent":"","_job_category":{"216":"IT &amp; Digitalisierung","148":"Labor &amp; Technik"},"_job_type":{"142":"Duales Studium"},"_job_tag":[],"_job_expiry_date":"","_job_gender":"","_job_apply_type":"external","_job_apply_url":"https:\/\/techem.wd3.myworkdayjobs.com\/TechemGermanyCareerApprentice\/job\/Eschborn\/Dualer-Student-Angewandte-Informatik--m-w-d-_R-103924","_job_apply_email":"","_job_salary_type":"","_job_salary":"","_job_experience":"","_job_career_level":"","_job_qualification":"","_job_video_url":"","_job_photos":{"15893":"https:\/\/ausbildung-frankfurt.de\/wp-content\/uploads\/2026\/04\/job_posting_gallery_Fachinformatikerin_junge_Frau_mit_Headset_shutterstock_1780763861-3.webp","15895":"https:\/\/ausbildung-frankfurt.de\/wp-content\/uploads\/2026\/04\/job_posting_gallery_Duales_Studium_Header_4_junge_Menschen_shutterstock_525439699-3.webp","15897":"https:\/\/ausbildung-frankfurt.de\/wp-content\/uploads\/2026\/04\/job_posting_gallery_Azubis_Insigts_Header_4_junge_Menschen_mit_bunten_Zetteln_shutterstock_1175513851-3.webp","15899":"https:\/\/ausbildung-frankfurt.de\/wp-content\/uploads\/2026\/04\/job_posting_gallery_Ausbildung_Header_Gruppe_junger_Menschen_mit_Unterlagen_shutterstock_679473136-3.webp","15901":"https:\/\/ausbildung-frankfurt.de\/wp-content\/uploads\/2026\/04\/job_posting_gallery-2-53.webp","15903":"https:\/\/ausbildung-frankfurt.de\/wp-content\/uploads\/2026\/04\/job_posting_gallery-1-56.webp","15905":"https:\/\/ausbildung-frankfurt.de\/wp-content\/uploads\/2026\/04\/job_posting_gallery-102.webp"},"_job_application_deadline_date":"","_job_address":"Eschborn, Main-Taunus-Kreis, Hesse, 65760, Germany","_job_location":{"205":"Eschborn"},"_job_map_location":{"address":" Eschborn, Main-Taunus-Kreis, Hesse, 65760, Germany","latitude":"","longitude":""},"_job_employer_name":"Techem Energy Services GmbH","_job_employer_url":"https:\/\/ausbildung-frankfurt.de\/en\/employer\/techem-energy-services-gmbh\/"},"_links":{"self":[{"href":"https:\/\/ausbildung-frankfurt.de\/en\/wp-json\/wp\/v2\/job_listing\/15847","targetHints":{"allow":["GET"]}}],"collection":[{"href":"https:\/\/ausbildung-frankfurt.de\/en\/wp-json\/wp\/v2\/job_listing"}],"about":[{"href":"https:\/\/ausbildung-frankfurt.de\/en\/wp-json\/wp\/v2\/types\/job_listing"}],"author":[{"embeddable":true,"href":"https:\/\/ausbildung-frankfurt.de\/en\/wp-json\/wp\/v2\/users\/53"}],"replies":[{"embeddable":true,"href":"https:\/\/ausbildung-frankfurt.de\/en\/wp-json\/wp\/v2\/comments?post=15847"}],"wp:attachment":[{"href":"https:\/\/ausbildung-frankfurt.de\/en\/wp-json\/wp\/v2\/media?parent=15847"}],"wp:term":[{"taxonomy":"job_listing_type","embeddable":true,"href":"https:\/\/ausbildung-frankfurt.de\/en\/wp-json\/wp\/v2\/job_listing_type?post=15847"},{"taxonomy":"job_listing_category","embeddable":true,"href":"https:\/\/ausbildung-frankfurt.de\/en\/wp-json\/wp\/v2\/job_listing_category?post=15847"},{"taxonomy":"job_listing_location","embeddable":true,"href":"https:\/\/ausbildung-frankfurt.de\/en\/wp-json\/wp\/v2\/job_listing_location?post=15847"},{"taxonomy":"job_listing_tag","embeddable":true,"href":"https:\/\/ausbildung-frankfurt.de\/en\/wp-json\/wp\/v2\/job_listing_tag?post=15847"}],"curies":[{"name":"wp","href":"https:\/\/api.w.org\/{rel}","templated":true}]}}

<p><strong>Die Zukunft braucht dich! Entwickle dich schon am Anfang deiner Karriere Richtung Klimaschutz. Arbeite mit Techem an noch besseren Lösungen für mehr Energieeffizienz, die Ressourcen und Klima schonen.</strong>&nbsp;</p>



<p>Wir sorgen gemeinsam für die digitale Energiewende in Gebäuden. Als ein führender Servicepartner für smarte und nachhaltige Gebäude bieten wir Effizienzsteigerung entlang der gesamten Wertschöpfungskette von Wärme und Wasser in Immobilien an. Techem ist heute mit rund 4.300 Mitarbeitenden in 18 Ländern aktiv und hat 13 Millionen Wohnungen im Service.&nbsp;<br>&nbsp;<br>Unsere Werte: Klarheit, Offenheit, Ehrlichkeit, Verbindlichkeit – Diversität und Inklusion sind bei uns Realität, nicht nur Buzzwords. Als Innovationstreiber bieten wir faszinierende Aufgaben in einem dynamischen Umfeld, flexible Arbeitsmöglichkeiten und eine offene Unternehmenskultur. Sei Teil der Revolution – Join Techem! 🚀&nbsp;<br>&nbsp;<br>Willkommen im Helden-Team: Gemeinsam treiben wir den klimaneutralen Gebäudebestand voran – steig bei uns ein als:&nbsp;</p>



<p><strong>Dualer Student (m/w/d)</strong>&nbsp;</p>



<p><strong>Bachelor of Science&nbsp;</strong>&nbsp;<br><strong>Angewandte Informatik&nbsp;</strong>&nbsp;</p>



<p><strong>Praxisphase in Eschborn</strong>&nbsp;</p>



<p><strong>Theoriephase an der DHBW Mannheim&nbsp;</strong>&nbsp;<br>Start des dreijährigen Dualen Studiums ist am 01.09.2026&nbsp;</p>



<p><strong>Deine Berufsausbildung ist für Techem besonders wichtig! Und wir haben ein Netzwerk von über 100 Fachausbilder*innen, die uns dabei unterstützen.&nbsp;&nbsp;&nbsp;</strong>&nbsp;&nbsp;</p>



<p><strong>Deine Aufgaben – Du machst mit uns den Unterschied:</strong>&nbsp;</p>



<ul class="wp-block-list">
<li>Du sorgst dafür, dass aus modernen Informationstechnologien kreative Lösungen entstehen. Dabei schaust Du über den IT-Tellerrand hinaus z.B. in Richtung Betriebswirtschaft.  </li>



<li>Die Grundlagen erlernst Du hierfür an der Dualen Hochschule in Mannheim – insbesondere in den Bereichen Informatik, BWL und interkulturelle Kommunikation.  </li>



<li>Alle drei Monate folgt auf die Theorie die Praxis und Du setzt das Gelernte aktiv in unseren IT-Organisationsabteilungen um. Dabei unterstützen Dich unsere vielfältigen Kommunikationstools ebenso wie Deine erfahrenen Kolleg*innen – damit Du nach Deinem Dualen Studium bestens vorbereitet bei uns durchstarten kannst. </li>



<li>In unseren Azubiprojekten kannst du Eigenverantwortung übernehmen. Zusammen mit den anderen Auszubildenden bist Du für die Entwicklung, Organisation und Durchführung verschiedenster Projekte verantwortlich und kannst somit einen echten Mehrwert für das Unternehmen leisten. </li>
</ul>



<p><strong>Ach und übrigens: Wo wir eigentlich arbeiten? Mal im Office, mal zu Hause, mal hybrid – flexibel wird es für Dich in jedem Fall sein.</strong>&nbsp;</p>



<p><strong>Dein Profil – Damit begeisterst Du uns:</strong>&nbsp;</p>



<ul class="wp-block-list">
<li>Du bringst eine gute allgemeine Hochschulreife mit und hast gute Noten in Mathematik. </li>



<li>Du hast Spaß daran Software nicht nur anzuwenden, sondern auch zu entwickeln &#8211; egal, ob alleine oder im Team. </li>



<li>Engagement und Eigeninitiative sind keine Fremdwörter für Dich. </li>



<li>Du bringst bereits erste Erfahrungen in Programmiersprachen mit und hast Lust darauf, die Digitalisierung bei Techem voranzutreiben und uns mit Deinen Ideen zu überraschen. </li>
</ul>



<p><strong>Karriere bei Techem – Deine Vorteile:</strong>&nbsp;</p>



<ul class="wp-block-list">
<li>Während Deiner Ausbildung wirst Du von Deinen (Fach-)Ausbildern betreut und nimmst regelmäßig an Schulungsmodulen teil, die Dir das passende Werkzeug mit an die Hand geben. </li>



<li>Für Deinen Ausbildungsberuf lernst Du alle relevanten Abteilungen bei Techem kennen und hast die Möglichkeit Deinen Ausbildungsplan aktiv mitzugestalten.  </li>



<li>Neben einer fairen Ausbildungsvergütung erhältst Du bei Techem u.a. einen Fahrgeldzuschuss zu den öffentlichen Verkehrsmitteln und vermögenswirksame Leistungen. </li>



<li>Wir bieten Dir flexible Arbeitszeiten und 30 Tage Urlaub pro Kalenderjahr. </li>



<li>Techem ist smart und mobil – bei uns erhält jeder Azubi zu Beginn einen eigenen Laptop.  </li>
</ul>



<p>Neugierig geworden? Dann bewirb Dich jetzt über den untenstehenden Button oder über unsere Website&nbsp;<strong>ausbildung.techem.de</strong>. Dort findest Du auch noch weitere umfassende Informationen zu unserem Unternehmen und zur Ausbildung bei Techem.&nbsp;&nbsp;</p>



<p><strong>Deine Bewerbung:</strong>&nbsp;</p>



<p><strong>Verstärke unser Team mit frischen Ideen.&nbsp;</strong>&nbsp;</p>



<p><strong>Techem Energy Services GmbH</strong>&nbsp;</p>



<p>Patrick Bauernschmitt &nbsp;<br>Hauptstr. 89&nbsp;<br>65760 Eschborn &nbsp;<br>Tel.: +49 6196/522-2632 &nbsp;<br><a target="_blank" href="https://www.techem.de/" rel="noreferrer noopener">www.techem.de</a></p>
