{"id":16012,"date":"2026-04-17T17:30:26","date_gmt":"2026-04-17T15:30:26","guid":{"rendered":"https:\/\/ausbildung-frankfurt.de\/?post_type=job_listing&#038;p=16012"},"modified":"2026-04-24T19:45:54","modified_gmt":"2026-04-24T17:45:54","slug":"ausbildung-kaufmann-kauffrau-im-einzelhandel-m-w-d","status":"publish","type":"job_listing","link":"https:\/\/ausbildung-frankfurt.de\/en\/job\/ausbildung-kaufmann-kauffrau-im-einzelhandel-m-w-d\/","title":{"rendered":"Ausbildung &#8211; Kaufmann \/ Kauffrau im Einzelhandel (m\/w\/d)"},"content":{"rendered":"\n<p>Mit rund&nbsp;<strong>350 M\u00e4rkten in Deutschland<\/strong>&nbsp;und \u00fcber 660 M\u00e4rkten in zehn europ\u00e4ischen L\u00e4ndern sind wir einer der&nbsp;<strong>gr\u00f6\u00dften und bekanntesten Baum\u00e4rkte<\/strong>. Unsere&nbsp;<strong>Vision<\/strong>&nbsp;ist es, die&nbsp;<strong>erste Anlaufstelle f\u00fcr alle Fragen und Projekte unserer Kund:innen rund um das eigene Zuhause in Europa zu sein<\/strong>&nbsp;\u2013 getreu unserem Motto: &#8216;<strong>Alles machbar mit OBI<\/strong>.&#8217; Wir glauben daran, dass jeder Mensch ein sch\u00f6nes und lebenswertes Zuhause verdient. Daf\u00fcr arbeiten wir t\u00e4glich mit Leidenschaft und leben eine Kultur, in der wir zusammenstehen und uns gegenseitig unterst\u00fctzen.<\/p>\n\n\n\n<p>Deine Ausbildung bei uns ist der perfekte Einstieg in die Arbeitswelt. Wir&nbsp;<strong>bereiten dich optimal auf deine zuk\u00fcnftigen Aufgaben vor<\/strong>, sodass du unsere Kund:innen gl\u00fccklich machen und t\u00e4glich f\u00fcr reibungslose Abl\u00e4ufe im Markt sorgen kannst.&nbsp;<strong>Bereits w\u00e4hrend deiner dreij\u00e4hrigen Ausbildungszeit (Verk\u00fcrzung bei guter Leistung m\u00f6glich!)<\/strong>&nbsp;tauchst du tief in unser Sortiment und unsere Prozesse ein und legst damit das&nbsp;<strong>Fundament f\u00fcr deine Karriere bei uns<\/strong>. Dabei baust du dein Beratungswissen gezielt auf, entdeckst deine Lieblingsbereiche im Markt und arbeitest an spannenden Projekten mit \u2013 so wird kein Tag wie der andere.<\/p>\n\n\n\n<p>Deine Aufgaben:<\/p>\n\n\n\n<ul class=\"wp-block-list\">\n<li><strong>Sortimentskenntnisse<\/strong>&nbsp;&#8211; Du lernst unser umfassendes Baumarktsortiment kennen und hast die Chance, dich sp\u00e4ter in deinem Wunschbereich zu spezialisieren<\/li>\n\n\n\n<li><strong>Betriebsabl\u00e4ufe<\/strong>&nbsp;&#8211; Du durchl\u00e4ufst verschiedene organisatorische Bereiche wie Kasse, Service Center und Wareneingang, um unser Gesch\u00e4ft von Grund auf zu verstehen<\/li>\n\n\n\n<li><strong>Kundenberatung<\/strong>&nbsp;&#8211; Die Beratung unserer Kund:innen im Markt geh\u00f6rt ebenfalls zu deinen Aufgaben, wobei du f\u00fcr jedes Anliegen die passende L\u00f6sung findest \u2013 oder auf die Unterst\u00fctzung von erfahrenen Kolleg:innen z\u00e4hlen kannst<\/li>\n\n\n\n<li><strong>Warenmanagement<\/strong>&nbsp;&#8211; Mit der Warenbestellung und der optimalen Pr\u00e4sentation unserer Produkte machst du dich vertraut \u2013 so gestaltest du das Einkaufserlebnis unserer Kund:innen aktiv mit<\/li>\n\n\n\n<li><strong>Digitale Kommunikation<\/strong>&nbsp;&#8211; Auch die Bearbeitung von digitalen Anfragen geh\u00f6rt zu deinem Lernfeld, sodass du fit f\u00fcr die modernen und zukunftsorientierten Kommunikationswege bei OBI bist<\/li>\n\n\n\n<li><strong>Projektmitarbeit<\/strong>&nbsp;&#8211; Gemeinsam mit dem Team setzt du immer wieder Projekte bei uns im Markt um und gestaltest so abwechslungsreiche Aufgaben mit \u2013 denn: Kein Tag ist wie der Andere<\/li>\n\n\n\n<li><strong>Praxisprojekte<\/strong>&nbsp;&#8211; Sammle wertvolle Erfahrungen durch die Teilnahme an unseren Projektwochen oder die Mitwirkung am Azubimarkt<\/li>\n<\/ul>\n\n\n\n<p>Dein Profil:<\/p>\n\n\n\n<p><strong>Du bist motiviert und m\u00f6chtest deine F\u00e4higkeiten im Handel entwickeln? Dann bist du bei uns genau richtig!<\/strong><\/p>\n\n\n\n<ul class=\"wp-block-list\">\n<li><strong>Schulabschlus<\/strong><strong>s<\/strong>&nbsp;&#8211; Du hast einen erfolgreichen Schulabschluss (Hauptschulabschluss, Realschulabschluss oder Abitur) in der Tasche<\/li>\n\n\n\n<li><strong>Kundenorientierung<\/strong>&nbsp;&#8211; Du hast Freude am Umgang mit Menschen und eine offene Art gegen\u00fcber Kolleg:innen und Kund:innen<\/li>\n\n\n\n<li><strong>Begeisterungsf\u00e4higkeit<\/strong>&nbsp;&#8211; Du bringst Begeisterung f\u00fcr vielf\u00e4ltige Aufgaben und einen abwechslungsreichen Arbeitsalltag mit<\/li>\n\n\n\n<li><strong>Kommunikationsst\u00e4rke<\/strong>&nbsp;&#8211; Du kannst dich sowohl im direkten Gespr\u00e4ch als auch digital klar und verst\u00e4ndlich ausdr\u00fccken und bist bereit, aktiv zu beraten und zu verkaufen<\/li>\n<\/ul>\n\n\n\n<p><strong>Ausblick nach der Ausbildung:<\/strong>&nbsp;Vom Azubi zum Profi: Wir qualifizieren dich schon w\u00e4hrend der Ausbildung f\u00fcr spannende Schl\u00fcsselpositionen in unserem Markt.&nbsp;<strong>Starte im Anschluss direkt durch \u2013 etwa als K\u00fcchen- oder Gartenplaner:in, Pflanzenprofi oder als PRO Verk\u00e4ufer:in f\u00fcr unsere Gesch\u00e4ftskunden.<\/strong><\/p>\n\n\n\n<p><strong><\/strong>Setz noch eins drauf: Nach deiner Spezialisierung stehen dir bei uns alle Wege offen, um dich zur F\u00fchrungskraft zu qualifizieren und die Zukunft unseres Marktes aktiv mitzugestalten.<\/p>\n\n\n\n<p>Unsere Vorteile f\u00fcr dich:<\/p>\n\n\n\n<p>Wir bei OBI schaffen die Rahmenbedingungen, damit du dich rundum wohlf\u00fchlst und deine Potenziale entfalten kannst.<\/p>\n\n\n\n<ul class=\"wp-block-list\">\n<li>Bei einer Vollzeitt\u00e4tigkeit arbeitest du an f\u00fcnf Arbeitstagen in verschiedenen Schichten im Rahmen unserer \u00d6ffnungszeiten von Montag bis Samstag<\/li>\n\n\n\n<li>Die Berufsschule besuchst du blockweise oder an festen Tagen, um das n\u00f6tige theoretische Wissen zu sammeln und dich gut f\u00fcr die Pr\u00fcfungen vorzubereiten<\/li>\n<\/ul>\n\n\n\n<p><strong>Zudem bieten wir unseren Azubis eine Vielzahl toller Benefits und Unternehmensleistungen:<\/strong><\/p>\n\n\n\n<ul class=\"wp-block-list\">\n<li><strong>Attraktive Bezahlung<\/strong>&nbsp;&#8211; Du erh\u00e4ltst eine gestaffelte Ausbildungsverg\u00fctung von 1.150 Euro im 1. Ausbildungsjahr, 1.270 Euro im 2. Ausbildungsjahr und 1.410 Euro im 3. Ausbildungsjahr \u2013 zus\u00e4tzlich erh\u00e4ltst du anteilig Urlaubs- und Weihnachtsgeld<\/li>\n\n\n\n<li><strong>Umsatzbeteiligung<\/strong>&nbsp;&#8211; Wenn dein Markt die Umsatzziele erreicht, beteiligen wir dich mit einem Bonus<\/li>\n\n\n\n<li><strong>Mobilit\u00e4tspr\u00e4mie<\/strong>&nbsp;&#8211; Erhalte bis zu 30 Euro netto monatlich, gestaffelt nach deinem Arbeitsweg. Die volle Pr\u00e4mie gibt&#8217;s ab sieben Kilometern; bei k\u00fcrzeren Wegen erh\u00e4ltst du einen anteiligen Zuschuss<\/li>\n\n\n\n<li><strong>Work-Life-Balance<\/strong>&nbsp;&#8211; Genie\u00dfe sechs Wochen Jahresurlaub f\u00fcr deine Erholung<\/li>\n\n\n\n<li><strong>Dein pers\u00f6nlicher Buddy<\/strong>&nbsp;&#8211; Erfahrene Kolleg:innen erleichtern dir deinen Start und stehen dir zur Seite<\/li>\n\n\n\n<li><strong>Umfangreiche Weiterbildungsm\u00f6glichkeiten<\/strong>&nbsp;&#8211; Nimm an verschiedenen Sortiments-, System- und Verkaufsschulungen teil und entwickle dich stetig weiter<\/li>\n\n\n\n<li><strong>Shopping bei OBI<\/strong>&nbsp;&#8211; Profitiere von 15 % Rabatt auf deine Eink\u00e4ufe bei uns im Markt und auf obi.de<\/li>\n\n\n\n<li><strong>Nachhaltig unterwegs<\/strong>&nbsp;&#8211; Erhalte bei Interesse ein stark verg\u00fcnstigtes Company-Bike<\/li>\n<\/ul>\n\n\n\n<p>Wir freuen uns sehr auf deine Online-Bewerbung in unserem kurzen Bewerbungsformular \u2013 probiere es jetzt aus!<\/p>\n\n\n\n<p><strong>Lieber ein Praktikum?<\/strong>&nbsp;Du bist dir noch unsicher, ob die Ausbildung bei OBI das Richtige f\u00fcr dich ist? Dann nutze die Chance und gib im Bewerbungsformular an, dass du Interesse an einem Schnupperpraktikum hast!<\/p>\n\n\n\n<p><strong>Dein OBI Markt&nbsp;Recruiting<\/strong><\/p>\n","protected":false},"author":115,"featured_media":0,"comment_status":"closed","ping_status":"closed","template":"","job_listing_type":[141],"job_listing_category":[144,252],"job_listing_location":[254],"job_listing_tag":[],"class_list":["post-16012","job_listing","type-job_listing","status-publish","hentry","job_listing_type-ausbildung","job_listing_category-buero-verwaltung","job_listing_category-verkauf-einzelhandel","job_listing_location-roedermark"],"metas":{"_job_featured_image":"","_job_featured":"","_job_filled":"","_job_urgent":"","_job_category":{"144":"B\u00fcro &amp; Verwaltung","252":"Verkauf &amp; Einzelhandel"},"_job_type":{"141":"Ausbildung"},"_job_tag":[],"_job_expiry_date":"","_job_gender":"","_job_apply_type":"external","_job_apply_url":"https:\/\/job.obi.com\/de\/p\/ausbildung_de\/jobs\/32552\/apply?utm_source=ausbildungde","_job_apply_email":"","_job_salary_type":"","_job_salary":"","_job_experience":"","_job_career_level":"","_job_qualification":"","_job_video_url":"","_job_photos":{"16013":"https:\/\/ausbildung-frankfurt.de\/wp-content\/uploads\/2026\/04\/job_posting_gallery_MC1DEmaV0VnpG7dUVp3DRbP1vbA1ueWvpAiozFj8W1H.webp"},"_job_application_deadline_date":"","_job_address":"OBI, 13, Ober-Rodener Stra\u00dfe, Bienengarten, Urberach, R\u00f6dermark, Landkreis Offenbach, Hesse, 63322, Germany","_job_location":{"254":"R\u00f6dermark"},"_job_map_location":{"address":" OBI, 13, Ober-Rodener Stra\u00dfe, Bienengarten, Urberach, R\u00f6dermark, Landkreis Offenbach, Hesse, 63322, Germany","latitude":"49.9749477","longitude":"8.8039051"},"_job_employer_name":"OBI Group Holding","_job_employer_url":"https:\/\/ausbildung-frankfurt.de\/en\/employer\/obi-group-holding\/"},"_links":{"self":[{"href":"https:\/\/ausbildung-frankfurt.de\/en\/wp-json\/wp\/v2\/job_listing\/16012","targetHints":{"allow":["GET"]}}],"collection":[{"href":"https:\/\/ausbildung-frankfurt.de\/en\/wp-json\/wp\/v2\/job_listing"}],"about":[{"href":"https:\/\/ausbildung-frankfurt.de\/en\/wp-json\/wp\/v2\/types\/job_listing"}],"author":[{"embeddable":true,"href":"https:\/\/ausbildung-frankfurt.de\/en\/wp-json\/wp\/v2\/users\/115"}],"replies":[{"embeddable":true,"href":"https:\/\/ausbildung-frankfurt.de\/en\/wp-json\/wp\/v2\/comments?post=16012"}],"wp:attachment":[{"href":"https:\/\/ausbildung-frankfurt.de\/en\/wp-json\/wp\/v2\/media?parent=16012"}],"wp:term":[{"taxonomy":"job_listing_type","embeddable":true,"href":"https:\/\/ausbildung-frankfurt.de\/en\/wp-json\/wp\/v2\/job_listing_type?post=16012"},{"taxonomy":"job_listing_category","embeddable":true,"href":"https:\/\/ausbildung-frankfurt.de\/en\/wp-json\/wp\/v2\/job_listing_category?post=16012"},{"taxonomy":"job_listing_location","embeddable":true,"href":"https:\/\/ausbildung-frankfurt.de\/en\/wp-json\/wp\/v2\/job_listing_location?post=16012"},{"taxonomy":"job_listing_tag","embeddable":true,"href":"https:\/\/ausbildung-frankfurt.de\/en\/wp-json\/wp\/v2\/job_listing_tag?post=16012"}],"curies":[{"name":"wp","href":"https:\/\/api.w.org\/{rel}","templated":true}]}}

<p>Mit rund&nbsp;<strong>350 Märkten in Deutschland</strong>&nbsp;und über 660 Märkten in zehn europäischen Ländern sind wir einer der&nbsp;<strong>größten und bekanntesten Baumärkte</strong>. Unsere&nbsp;<strong>Vision</strong>&nbsp;ist es, die&nbsp;<strong>erste Anlaufstelle für alle Fragen und Projekte unserer Kund:innen rund um das eigene Zuhause in Europa zu sein</strong>&nbsp;– getreu unserem Motto: &#8216;<strong>Alles machbar mit OBI</strong>.&#8217; Wir glauben daran, dass jeder Mensch ein schönes und lebenswertes Zuhause verdient. Dafür arbeiten wir täglich mit Leidenschaft und leben eine Kultur, in der wir zusammenstehen und uns gegenseitig unterstützen.</p>



<p>Deine Ausbildung bei uns ist der perfekte Einstieg in die Arbeitswelt. Wir&nbsp;<strong>bereiten dich optimal auf deine zukünftigen Aufgaben vor</strong>, sodass du unsere Kund:innen glücklich machen und täglich für reibungslose Abläufe im Markt sorgen kannst.&nbsp;<strong>Bereits während deiner dreijährigen Ausbildungszeit (Verkürzung bei guter Leistung möglich!)</strong>&nbsp;tauchst du tief in unser Sortiment und unsere Prozesse ein und legst damit das&nbsp;<strong>Fundament für deine Karriere bei uns</strong>. Dabei baust du dein Beratungswissen gezielt auf, entdeckst deine Lieblingsbereiche im Markt und arbeitest an spannenden Projekten mit – so wird kein Tag wie der andere.</p>



<p>Deine Aufgaben:</p>



<ul class="wp-block-list">
<li><strong>Sortimentskenntnisse</strong>&nbsp;&#8211; Du lernst unser umfassendes Baumarktsortiment kennen und hast die Chance, dich später in deinem Wunschbereich zu spezialisieren</li>



<li><strong>Betriebsabläufe</strong>&nbsp;&#8211; Du durchläufst verschiedene organisatorische Bereiche wie Kasse, Service Center und Wareneingang, um unser Geschäft von Grund auf zu verstehen</li>



<li><strong>Kundenberatung</strong>&nbsp;&#8211; Die Beratung unserer Kund:innen im Markt gehört ebenfalls zu deinen Aufgaben, wobei du für jedes Anliegen die passende Lösung findest – oder auf die Unterstützung von erfahrenen Kolleg:innen zählen kannst</li>



<li><strong>Warenmanagement</strong>&nbsp;&#8211; Mit der Warenbestellung und der optimalen Präsentation unserer Produkte machst du dich vertraut – so gestaltest du das Einkaufserlebnis unserer Kund:innen aktiv mit</li>



<li><strong>Digitale Kommunikation</strong>&nbsp;&#8211; Auch die Bearbeitung von digitalen Anfragen gehört zu deinem Lernfeld, sodass du fit für die modernen und zukunftsorientierten Kommunikationswege bei OBI bist</li>



<li><strong>Projektmitarbeit</strong>&nbsp;&#8211; Gemeinsam mit dem Team setzt du immer wieder Projekte bei uns im Markt um und gestaltest so abwechslungsreiche Aufgaben mit – denn: Kein Tag ist wie der Andere</li>



<li><strong>Praxisprojekte</strong>&nbsp;&#8211; Sammle wertvolle Erfahrungen durch die Teilnahme an unseren Projektwochen oder die Mitwirkung am Azubimarkt</li>
</ul>



<p>Dein Profil:</p>



<p><strong>Du bist motiviert und möchtest deine Fähigkeiten im Handel entwickeln? Dann bist du bei uns genau richtig!</strong></p>



<ul class="wp-block-list">
<li><strong>Schulabschlus</strong><strong>s</strong>&nbsp;&#8211; Du hast einen erfolgreichen Schulabschluss (Hauptschulabschluss, Realschulabschluss oder Abitur) in der Tasche</li>



<li><strong>Kundenorientierung</strong>&nbsp;&#8211; Du hast Freude am Umgang mit Menschen und eine offene Art gegenüber Kolleg:innen und Kund:innen</li>



<li><strong>Begeisterungsfähigkeit</strong>&nbsp;&#8211; Du bringst Begeisterung für vielfältige Aufgaben und einen abwechslungsreichen Arbeitsalltag mit</li>



<li><strong>Kommunikationsstärke</strong>&nbsp;&#8211; Du kannst dich sowohl im direkten Gespräch als auch digital klar und verständlich ausdrücken und bist bereit, aktiv zu beraten und zu verkaufen</li>
</ul>



<p><strong>Ausblick nach der Ausbildung:</strong>&nbsp;Vom Azubi zum Profi: Wir qualifizieren dich schon während der Ausbildung für spannende Schlüsselpositionen in unserem Markt.&nbsp;<strong>Starte im Anschluss direkt durch – etwa als Küchen- oder Gartenplaner:in, Pflanzenprofi oder als PRO Verkäufer:in für unsere Geschäftskunden.</strong></p>



<p><strong></strong>Setz noch eins drauf: Nach deiner Spezialisierung stehen dir bei uns alle Wege offen, um dich zur Führungskraft zu qualifizieren und die Zukunft unseres Marktes aktiv mitzugestalten.</p>



<p>Unsere Vorteile für dich:</p>



<p>Wir bei OBI schaffen die Rahmenbedingungen, damit du dich rundum wohlfühlst und deine Potenziale entfalten kannst.</p>



<ul class="wp-block-list">
<li>Bei einer Vollzeittätigkeit arbeitest du an fünf Arbeitstagen in verschiedenen Schichten im Rahmen unserer Öffnungszeiten von Montag bis Samstag</li>



<li>Die Berufsschule besuchst du blockweise oder an festen Tagen, um das nötige theoretische Wissen zu sammeln und dich gut für die Prüfungen vorzubereiten</li>
</ul>



<p><strong>Zudem bieten wir unseren Azubis eine Vielzahl toller Benefits und Unternehmensleistungen:</strong></p>



<ul class="wp-block-list">
<li><strong>Attraktive Bezahlung</strong>&nbsp;&#8211; Du erhältst eine gestaffelte Ausbildungsvergütung von 1.150 Euro im 1. Ausbildungsjahr, 1.270 Euro im 2. Ausbildungsjahr und 1.410 Euro im 3. Ausbildungsjahr – zusätzlich erhältst du anteilig Urlaubs- und Weihnachtsgeld</li>



<li><strong>Umsatzbeteiligung</strong>&nbsp;&#8211; Wenn dein Markt die Umsatzziele erreicht, beteiligen wir dich mit einem Bonus</li>



<li><strong>Mobilitätsprämie</strong>&nbsp;&#8211; Erhalte bis zu 30 Euro netto monatlich, gestaffelt nach deinem Arbeitsweg. Die volle Prämie gibt&#8217;s ab sieben Kilometern; bei kürzeren Wegen erhältst du einen anteiligen Zuschuss</li>



<li><strong>Work-Life-Balance</strong>&nbsp;&#8211; Genieße sechs Wochen Jahresurlaub für deine Erholung</li>



<li><strong>Dein persönlicher Buddy</strong>&nbsp;&#8211; Erfahrene Kolleg:innen erleichtern dir deinen Start und stehen dir zur Seite</li>



<li><strong>Umfangreiche Weiterbildungsmöglichkeiten</strong>&nbsp;&#8211; Nimm an verschiedenen Sortiments-, System- und Verkaufsschulungen teil und entwickle dich stetig weiter</li>



<li><strong>Shopping bei OBI</strong>&nbsp;&#8211; Profitiere von 15 % Rabatt auf deine Einkäufe bei uns im Markt und auf obi.de</li>



<li><strong>Nachhaltig unterwegs</strong>&nbsp;&#8211; Erhalte bei Interesse ein stark vergünstigtes Company-Bike</li>
</ul>



<p>Wir freuen uns sehr auf deine Online-Bewerbung in unserem kurzen Bewerbungsformular – probiere es jetzt aus!</p>



<p><strong>Lieber ein Praktikum?</strong>&nbsp;Du bist dir noch unsicher, ob die Ausbildung bei OBI das Richtige für dich ist? Dann nutze die Chance und gib im Bewerbungsformular an, dass du Interesse an einem Schnupperpraktikum hast!</p>



<p><strong>Dein OBI Markt&nbsp;Recruiting</strong></p>

Büro &amp; Verwaltung

OBI, 13, Ober-Rodener Straße, Bienengarten, Urberach, Rödermark, Landkreis Offenbach, Hesse, 63322, Germany

Rödermark
