{"id":16159,"date":"2026-04-17T18:58:11","date_gmt":"2026-04-17T16:58:11","guid":{"rendered":"https:\/\/ausbildung-frankfurt.de\/?post_type=job_listing&#038;p=16159"},"modified":"2026-04-24T15:11:30","modified_gmt":"2026-04-24T13:11:30","slug":"ausbildung-zur-pflegefachperson-m-w-d","status":"publish","type":"job_listing","link":"https:\/\/ausbildung-frankfurt.de\/en\/job\/ausbildung-zur-pflegefachperson-m-w-d\/","title":{"rendered":"Ausbildung zur Pflegefachperson (m\/w\/d)"},"content":{"rendered":"\n<p>Mit Herz f\u00fcr den Kopf<\/p>\n\n\n\n<p>Du bist kontaktfreudig, verst\u00e4ndnisvoll und verantwortungsbewusst? Du interessierst Dich f\u00fcr das Thema Gesundheit? Du traust Dir zu, psychisch kranke Menschen professionell zu unterst\u00fctzen? Dann starte Deine berufliche Reise im Gesundheitswesen bei uns.<\/p>\n\n\n\n<p>Die&nbsp;<strong>Vitos Schule f\u00fcr Gesundheitsberufe Hochtaunus<\/strong>&nbsp;<strong>am Standort Bad Homburg vor der H\u00f6he&nbsp;<\/strong>sucht&nbsp;<strong>zum 1. Oktober 2026 Auszubildende zur Pflegefachperson (m\/w\/d).<\/strong><\/p>\n\n\n\n<p>Die Ausbildung zur Pflegefachperson ist eine umfassend neu ausgerichtete dreij\u00e4hrige Ausbildung von Pflegefachkr\u00e4ften in Deutschland. Aus den Ausbildungsberufen der Gesundheits- und Krankenpflege, Gesundheits- und Kinderkrankenpflege sowie Altenpflege wird eine generalistische Ausbildung, welche die M\u00f6glichkeit f\u00fcr thematische Vertiefungen je nach individuellen Interessen vorsieht. Die Berufsausbildung gliedert sich in theoretischen und praktischen Unterricht und schlie\u00dft mit einem Examen ab.<\/p>\n\n\n\n<p>Mit der Ausbildung zur Pflegefachperson stehen Dir alle Karrieret\u00fcren in der Pflege offen. An unserer Vitos Schule f\u00fcr Gesundheitsberufe in Bad Homburg profitierst Du nicht nur von engagierten Lehrkr\u00e4ften, sondern auch von den Praxiseins\u00e4tzen bei den Kooperationspartnern und in unseren Kliniken. Denn hier arbeiten wir mit dem Herzen f\u00fcr den Kopf.<\/p>\n\n\n\n<p><em>Schwerbehinderte Bewerber\/-innen werden bei gleicher Eignung bevorzugt ber\u00fccksichtigt.<\/em><\/p>\n\n\n\n<p>Du bringst mit:<\/p>\n\n\n\n<ul class=\"wp-block-list\">\n<li>Abitur? Super, dann steht einem dualen Studium nichts im Weg.<\/li>\n\n\n\n<li>Realschulabschluss? Los gehts mit der Ausbildung.<\/li>\n\n\n\n<li>Hauptschulabschluss? Mit einer abgeschlossenen 2-j\u00e4hrigen Berufsausbildung oder mit einer erfolgreich abgeschlossenen 1-j\u00e4hrigen Krankenpflegehilfe-Ausbildung kannst Du die Ausbildung zur Pflegefachperson beginnen.<\/li>\n\n\n\n<li>Spa\u00df am Umgang mit Menschen und gro\u00dfe Hilfsbereitschaft<\/li>\n\n\n\n<li>Lernbereitschaft und Motivation f\u00fcr die theoretischen und praktischen Ausbildungsinhalte<\/li>\n<\/ul>\n\n\n\n<p>Wir bieten Dir:<\/p>\n\n\n\n<ul class=\"wp-block-list\">\n<li><strong>Tarifliche Verg\u00fctung<\/strong>\u00a0nach dem TVA\u00f6D-Pflege, das hei\u00dft monatlich: 1.490,69\u20ac im ersten Ausbildungsjahr (steigt mit jedem Ausbildungsjahr)<\/li>\n\n\n\n<li><strong>Jahressonderzahlung<\/strong>\u00a0und betriebliche\u00a0<strong>Altersvorsorge<\/strong>\u00a0ab dem ersten Ausbildungstag (ZVK)<\/li>\n\n\n\n<li><strong>Examens-Pr\u00e4mie<\/strong>\u00a0in H\u00f6he von 400,00\u20ac<\/li>\n\n\n\n<li><strong>Monatlicher Mobilit\u00e4tszuschuss<\/strong>\u00a0oder die Nutzung der\u00a0<strong>Vitos Card<\/strong>\u00a0(sozialversicherungs- und steuerfrei)<\/li>\n\n\n\n<li>Digitales Lernkonzept mit\u00a0<strong>iPads<\/strong>, das Dir auch zur privaten Nutzung zur Verf\u00fcgung steht<\/li>\n\n\n\n<li>Die M\u00f6glichkeit, parallel zur Ausbildung ein\u00a0<strong>von Vitos finanziertes Bachelor-Studium in der Pflege\u00a0<\/strong>(B.A. Advanced Nursing Practice) zu absolvieren<\/li>\n\n\n\n<li>Gemeinsame\u00a0<strong>Exkursionen<\/strong>\u00a0und Klassenfahrten<\/li>\n\n\n\n<li>Sehr gute\u00a0<strong>\u00dcbernahmechancen<\/strong>\u00a0nach erfolgreichem Abschluss der Ausbildung<\/li>\n<\/ul>\n","protected":false},"author":70,"featured_media":0,"comment_status":"closed","ping_status":"closed","template":"","job_listing_type":[141],"job_listing_category":[149,152],"job_listing_location":[212],"job_listing_tag":[],"class_list":["post-16159","job_listing","type-job_listing","status-publish","hentry","job_listing_type-ausbildung","job_listing_category-medien-design","job_listing_category-soziale-berufe","job_listing_location-bad-homburg-vor-der-hoehe"],"metas":{"_job_featured_image":"","_job_featured":"","_job_filled":"","_job_urgent":"","_job_category":{"149":"Medien &amp; Design","152":"Soziale Berufe"},"_job_type":{"141":"Ausbildung"},"_job_tag":[],"_job_expiry_date":"","_job_gender":"","_job_apply_type":"external","_job_apply_url":"https:\/\/karriere.vitos.de\/offer\/ausbildung-zur-pflegefachperson-m-w\/40b5bb72-bea9-4843-9c6c-43f411906480?utm_source=ausbildungde&utm_campaign=ausbildungHTS2026","_job_apply_email":"","_job_salary_type":"","_job_salary":"","_job_experience":"","_job_career_level":"","_job_qualification":"","_job_video_url":"","_job_photos":"","_job_application_deadline_date":"","_job_address":"Marienbader Platz, Gonzenheim, Bad Homburg vor der H\u00f6he, Hochtaunuskreis, Hesse, 61348, Germany","_job_location":{"212":"Bad Homburg vor der H\u00f6he"},"_job_map_location":{"address":" Marienbader Platz, Gonzenheim, Bad Homburg vor der H\u00f6he, Hochtaunuskreis, Hesse, 61348, Germany","latitude":"50.2220499","longitude":"8.6203835"},"_job_employer_name":"Vitos","_job_employer_url":"https:\/\/ausbildung-frankfurt.de\/en\/employer\/vitos\/"},"_links":{"self":[{"href":"https:\/\/ausbildung-frankfurt.de\/en\/wp-json\/wp\/v2\/job_listing\/16159","targetHints":{"allow":["GET"]}}],"collection":[{"href":"https:\/\/ausbildung-frankfurt.de\/en\/wp-json\/wp\/v2\/job_listing"}],"about":[{"href":"https:\/\/ausbildung-frankfurt.de\/en\/wp-json\/wp\/v2\/types\/job_listing"}],"author":[{"embeddable":true,"href":"https:\/\/ausbildung-frankfurt.de\/en\/wp-json\/wp\/v2\/users\/70"}],"replies":[{"embeddable":true,"href":"https:\/\/ausbildung-frankfurt.de\/en\/wp-json\/wp\/v2\/comments?post=16159"}],"wp:attachment":[{"href":"https:\/\/ausbildung-frankfurt.de\/en\/wp-json\/wp\/v2\/media?parent=16159"}],"wp:term":[{"taxonomy":"job_listing_type","embeddable":true,"href":"https:\/\/ausbildung-frankfurt.de\/en\/wp-json\/wp\/v2\/job_listing_type?post=16159"},{"taxonomy":"job_listing_category","embeddable":true,"href":"https:\/\/ausbildung-frankfurt.de\/en\/wp-json\/wp\/v2\/job_listing_category?post=16159"},{"taxonomy":"job_listing_location","embeddable":true,"href":"https:\/\/ausbildung-frankfurt.de\/en\/wp-json\/wp\/v2\/job_listing_location?post=16159"},{"taxonomy":"job_listing_tag","embeddable":true,"href":"https:\/\/ausbildung-frankfurt.de\/en\/wp-json\/wp\/v2\/job_listing_tag?post=16159"}],"curies":[{"name":"wp","href":"https:\/\/api.w.org\/{rel}","templated":true}]}}

<p>Mit Herz für den Kopf</p>



<p>Du bist kontaktfreudig, verständnisvoll und verantwortungsbewusst? Du interessierst Dich für das Thema Gesundheit? Du traust Dir zu, psychisch kranke Menschen professionell zu unterstützen? Dann starte Deine berufliche Reise im Gesundheitswesen bei uns.</p>



<p>Die&nbsp;<strong>Vitos Schule für Gesundheitsberufe Hochtaunus</strong>&nbsp;<strong>am Standort Bad Homburg vor der Höhe&nbsp;</strong>sucht&nbsp;<strong>zum 1. Oktober 2026 Auszubildende zur Pflegefachperson (m/w/d).</strong></p>



<p>Die Ausbildung zur Pflegefachperson ist eine umfassend neu ausgerichtete dreijährige Ausbildung von Pflegefachkräften in Deutschland. Aus den Ausbildungsberufen der Gesundheits- und Krankenpflege, Gesundheits- und Kinderkrankenpflege sowie Altenpflege wird eine generalistische Ausbildung, welche die Möglichkeit für thematische Vertiefungen je nach individuellen Interessen vorsieht. Die Berufsausbildung gliedert sich in theoretischen und praktischen Unterricht und schließt mit einem Examen ab.</p>



<p>Mit der Ausbildung zur Pflegefachperson stehen Dir alle Karrieretüren in der Pflege offen. An unserer Vitos Schule für Gesundheitsberufe in Bad Homburg profitierst Du nicht nur von engagierten Lehrkräften, sondern auch von den Praxiseinsätzen bei den Kooperationspartnern und in unseren Kliniken. Denn hier arbeiten wir mit dem Herzen für den Kopf.</p>



<p><em>Schwerbehinderte Bewerber/-innen werden bei gleicher Eignung bevorzugt berücksichtigt.</em></p>



<p>Du bringst mit:</p>



<ul class="wp-block-list">
<li>Abitur? Super, dann steht einem dualen Studium nichts im Weg.</li>



<li>Realschulabschluss? Los gehts mit der Ausbildung.</li>



<li>Hauptschulabschluss? Mit einer abgeschlossenen 2-jährigen Berufsausbildung oder mit einer erfolgreich abgeschlossenen 1-jährigen Krankenpflegehilfe-Ausbildung kannst Du die Ausbildung zur Pflegefachperson beginnen.</li>



<li>Spaß am Umgang mit Menschen und große Hilfsbereitschaft</li>



<li>Lernbereitschaft und Motivation für die theoretischen und praktischen Ausbildungsinhalte</li>
</ul>



<p>Wir bieten Dir:</p>



<ul class="wp-block-list">
<li><strong>Tarifliche Vergütung</strong> nach dem TVAöD-Pflege, das heißt monatlich: 1.490,69€ im ersten Ausbildungsjahr (steigt mit jedem Ausbildungsjahr)</li>



<li><strong>Jahressonderzahlung</strong> und betriebliche <strong>Altersvorsorge</strong> ab dem ersten Ausbildungstag (ZVK)</li>



<li><strong>Examens-Prämie</strong> in Höhe von 400,00€</li>



<li><strong>Monatlicher Mobilitätszuschuss</strong> oder die Nutzung der <strong>Vitos Card</strong> (sozialversicherungs- und steuerfrei)</li>



<li>Digitales Lernkonzept mit <strong>iPads</strong>, das Dir auch zur privaten Nutzung zur Verfügung steht</li>



<li>Die Möglichkeit, parallel zur Ausbildung ein <strong>von Vitos finanziertes Bachelor-Studium in der Pflege </strong>(B.A. Advanced Nursing Practice) zu absolvieren</li>



<li>Gemeinsame <strong>Exkursionen</strong> und Klassenfahrten</li>



<li>Sehr gute <strong>Übernahmechancen</strong> nach erfolgreichem Abschluss der Ausbildung</li>
</ul>

Marienbader Platz, Gonzenheim, Bad Homburg vor der Höhe, Hochtaunuskreis, Hesse, 61348, Germany

Bad Homburg vor der Höhe
