{"id":16374,"date":"2026-04-18T05:05:40","date_gmt":"2026-04-18T03:05:40","guid":{"rendered":"https:\/\/ausbildung-frankfurt.de\/?post_type=job_listing&#038;p=16374"},"modified":"2026-04-24T12:52:07","modified_gmt":"2026-04-24T10:52:07","slug":"ausbildung-handelsfachwirt-m-w-d-2026","status":"publish","type":"job_listing","link":"https:\/\/ausbildung-frankfurt.de\/en\/job\/ausbildung-handelsfachwirt-m-w-d-2026\/","title":{"rendered":"Ausbildung Handelsfachwirt (m\/w\/d) &#8211; 2026"},"content":{"rendered":"\n<p>Was macht man da aus sich?<\/p>\n\n\n\n<p>Mit dem Handelsfachwirt-Abschluss z\u00e4hlst du zum F\u00fchrungsnachwuchs von morgen oder du wirst als selbstst\u00e4ndiger Kaufmann dein eigener Chef bei EDEKA.<\/p>\n\n\n\n<ul class=\"wp-block-list\">\n<li><strong>Tagesgesch\u00e4ft<\/strong>: Du lernst alle Bereiche des Einzelhandels kennen \u2013 von Einkauf und Verkauf \u00fcber Marketing bis hin zum richtigen Umgang mit Kunden<\/li>\n\n\n\n<li><strong>Analyse<\/strong>: Du ermittelst und analysierst betriebswirtschaftliche Kennzahlen<\/li>\n\n\n\n<li><strong>Warenwirtschaft<\/strong>: Du lernst das System der Beschaffung und Lagerhaltung von Waren kennen<\/li>\n\n\n\n<li><strong>Unternehmensbereiche<\/strong>: Du lernst insbesondere die Bereiche Betriebswirtschaft, Arbeitsorganisation, Buchhaltung, Filialabrechnung, Logistik und Vertrieb kennen<\/li>\n\n\n\n<li><strong>F\u00fchrung<\/strong>: Du wirst dich mit den Themen Mitarbeiterf\u00fchrung und Personal besch\u00e4ftigen<\/li>\n<\/ul>\n\n\n\n<p>Was sollte man daf\u00fcr mitbringen?<\/p>\n\n\n\n<ul class=\"wp-block-list\">\n<li><strong>Schulabschluss<\/strong>: Hochschulreife (Abitur oder Fachabitur)<\/li>\n\n\n\n<li><strong>BWL<\/strong>: Du hast Interesse an betriebswirtschaftlichen Prozessen<\/li>\n\n\n\n<li><strong>Zahlenprofi<\/strong>: Du hast ein gutes Verst\u00e4ndnis f\u00fcr Mathematik<\/li>\n\n\n\n<li><strong>Organisationstalent<\/strong>: Du kannst dich selbstst\u00e4ndig organisieren<\/li>\n\n\n\n<li><strong>Motivation<\/strong>: Du bist top motiviert und zeigst gerne Einsatzbereitschaft<\/li>\n<\/ul>\n\n\n\n<p>Deine Vorteile bei uns!<\/p>\n\n\n\n<ul class=\"wp-block-list\">\n<li><strong>Attraktive Ausbildungsverg\u00fctung<\/strong>\u00a0\u2013 1. Jahr 1.100,00 \u20ac, 2.Jahr 1.220,00 \u20ac, 3.Jahr 1.360,00<\/li>\n\n\n\n<li><strong>Dicke Brieftasche<\/strong>\u00a0\u2013 Weihnachts- und Urlaubsgeld<\/li>\n\n\n\n<li><strong>Erholung\u00a0<\/strong>\u2013 Bei uns hast du 42 Tage Urlaub im Jahr<\/li>\n\n\n\n<li><strong>(Krisen)Sicherer Arbeitsplatz<\/strong>\u00a0\u2013 Auch in schwierigen Zeiten, denn gegessen wird immer<\/li>\n\n\n\n<li><strong>Satte Rabatte<\/strong>\u00a0\u201320% Mitarbeiterrabatt auf deine EDEKA Eink\u00e4ufe<\/li>\n\n\n\n<li><strong>Geschenke\u00a0<\/strong>\u2013 An Weihnachten und Geburtstagen erhalten Sie Pr\u00e4sente<\/li>\n\n\n\n<li><strong>Zeiterfassung\u00a0<\/strong>\u2013 \u00dcberstunden werden erfasst und verg\u00fctet oder durch Freizeit ausgeglichen<\/li>\n\n\n\n<li><strong>Feierei\u00a0<\/strong>&#8211; Absolventen-Gala im Europa-Park Rust inklusive \u00dcbernachtung und Parkbesuch<\/li>\n\n\n\n<li><strong>Perspektiven und Entwicklungsm\u00f6glichkeiten<\/strong>\u00a0\u2013 mit Engagement &amp; unseren Karriereprogrammen kannst du bei uns alles erreichen<\/li>\n\n\n\n<li><strong>Expertenwissen rund um Lebensmittel<\/strong>\u00a0&#8211; Ausbildungsseminare gekoppelt mit Digitalen Lernformaten<\/li>\n\n\n\n<li><strong>Netzwerke\u00a0<\/strong>\u2013 durch Seminare, Wettbewerbe und andere Aktionen lernst du Azubis aus der ganzen Region kennen<\/li>\n<\/ul>\n\n\n\n<p>Dauer und Ablauf<\/p>\n\n\n\n<p>Die Form deiner Ausbildung gilt als praxisnahe Alternative zum BWL-Studium. Sie dauert in der Regel drei Jahre. Danach hast du zwei Abschl\u00fcsse: Kaufmann im Einzelhandel und Handelsfachwirt (dieser entspricht dem Qualit\u00e4tsniveau eines Bachelorabschlusses). Der Unterricht an einer \u00f6rtlichen Berufsschule entf\u00e4llt g\u00e4nzlich. Stattdessen besuchst du spezifische Kompaktseminare.<\/p>\n\n\n\n<p>&nbsp;Bei Fragen wende dich gerne an: Carsten Sader (<a href=\"mailto:carsten.sader@dermarkt.de\">carsten.sader@dermarkt.de<\/a>)<\/p>\n\n\n\n<p>Aus Gr\u00fcnden der einfacheren Lesbarkeit wird im Textverlauf nur die m\u00e4nnliche Form verwendet. Willkommen sind bei uns alle Menschen &#8211; unabh\u00e4ngig von Geschlecht, Nationalit\u00e4t, ethnischer und sozialer Herkunft, Behinderung, Religion, Alter sowie sexueller Orientierung und Identit\u00e4t.<\/p>\n","protected":false},"author":61,"featured_media":0,"comment_status":"closed","ping_status":"closed","template":"","job_listing_type":[141],"job_listing_category":[215,144,252],"job_listing_location":[278],"job_listing_tag":[],"class_list":["post-16374","job_listing","type-job_listing","status-publish","hentry","job_listing_type-ausbildung","job_listing_category-banken-finanzen","job_listing_category-buero-verwaltung","job_listing_category-verkauf-einzelhandel","job_listing_location-hofheim-am-taunus"],"metas":{"_job_featured_image":"","_job_featured":"","_job_filled":"","_job_urgent":"","_job_category":{"215":"Banken &amp; Finanzen","144":"B\u00fcro &amp; Verwaltung","252":"Verkauf &amp; Einzelhandel"},"_job_type":{"141":"Ausbildung"},"_job_tag":[],"_job_expiry_date":"","_job_gender":"","_job_apply_type":"external","_job_apply_url":"https:\/\/bewerbermanagement.edeka-suedwest.de\/bewerber\/landingpage.php?prj=1901P34932&lang=de_DE&ie=1&oid=7563","_job_apply_email":"","_job_salary_type":"","_job_salary":"","_job_experience":"","_job_career_level":"","_job_qualification":"","_job_video_url":"","_job_photos":{"16381":"https:\/\/ausbildung-frankfurt.de\/wp-content\/uploads\/2026\/04\/job_posting_gallery_Ausbildungde-20.webp","16385":"https:\/\/ausbildung-frankfurt.de\/wp-content\/uploads\/2026\/04\/job_posting_gallery_Ausbildungde3-24.webp","16389":"https:\/\/ausbildung-frankfurt.de\/wp-content\/uploads\/2026\/04\/job_posting_gallery_Ausbildungde5-18.webp","16391":"https:\/\/ausbildung-frankfurt.de\/wp-content\/uploads\/2026\/04\/job_posting_gallery_Ausbildungde4-24.webp","16393":"https:\/\/ausbildung-frankfurt.de\/wp-content\/uploads\/2026\/04\/job_posting_gallery_Ausbildungde2-24.webp"},"_job_application_deadline_date":"","_job_address":"Cigo, 6, Chinonplatz, Hofheim am Taunus, Main-Taunus-Kreis, Hesse, 65719, Germany","_job_location":{"278":"Hofheim am Taunus"},"_job_map_location":{"address":" Cigo, 6, Chinonplatz, Hofheim am Taunus, Main-Taunus-Kreis, Hesse, 65719, Germany","latitude":"50.0859408","longitude":"8.4480527"},"_job_employer_name":"EDEKA Verbund","_job_employer_url":"https:\/\/ausbildung-frankfurt.de\/en\/employer\/edeka-verbund\/"},"_links":{"self":[{"href":"https:\/\/ausbildung-frankfurt.de\/en\/wp-json\/wp\/v2\/job_listing\/16374","targetHints":{"allow":["GET"]}}],"collection":[{"href":"https:\/\/ausbildung-frankfurt.de\/en\/wp-json\/wp\/v2\/job_listing"}],"about":[{"href":"https:\/\/ausbildung-frankfurt.de\/en\/wp-json\/wp\/v2\/types\/job_listing"}],"author":[{"embeddable":true,"href":"https:\/\/ausbildung-frankfurt.de\/en\/wp-json\/wp\/v2\/users\/61"}],"replies":[{"embeddable":true,"href":"https:\/\/ausbildung-frankfurt.de\/en\/wp-json\/wp\/v2\/comments?post=16374"}],"wp:attachment":[{"href":"https:\/\/ausbildung-frankfurt.de\/en\/wp-json\/wp\/v2\/media?parent=16374"}],"wp:term":[{"taxonomy":"job_listing_type","embeddable":true,"href":"https:\/\/ausbildung-frankfurt.de\/en\/wp-json\/wp\/v2\/job_listing_type?post=16374"},{"taxonomy":"job_listing_category","embeddable":true,"href":"https:\/\/ausbildung-frankfurt.de\/en\/wp-json\/wp\/v2\/job_listing_category?post=16374"},{"taxonomy":"job_listing_location","embeddable":true,"href":"https:\/\/ausbildung-frankfurt.de\/en\/wp-json\/wp\/v2\/job_listing_location?post=16374"},{"taxonomy":"job_listing_tag","embeddable":true,"href":"https:\/\/ausbildung-frankfurt.de\/en\/wp-json\/wp\/v2\/job_listing_tag?post=16374"}],"curies":[{"name":"wp","href":"https:\/\/api.w.org\/{rel}","templated":true}]}}

<p>Was macht man da aus sich?</p>



<p>Mit dem Handelsfachwirt-Abschluss zählst du zum Führungsnachwuchs von morgen oder du wirst als selbstständiger Kaufmann dein eigener Chef bei EDEKA.</p>



<ul class="wp-block-list">
<li><strong>Tagesgeschäft</strong>: Du lernst alle Bereiche des Einzelhandels kennen – von Einkauf und Verkauf über Marketing bis hin zum richtigen Umgang mit Kunden</li>



<li><strong>Analyse</strong>: Du ermittelst und analysierst betriebswirtschaftliche Kennzahlen</li>



<li><strong>Warenwirtschaft</strong>: Du lernst das System der Beschaffung und Lagerhaltung von Waren kennen</li>



<li><strong>Unternehmensbereiche</strong>: Du lernst insbesondere die Bereiche Betriebswirtschaft, Arbeitsorganisation, Buchhaltung, Filialabrechnung, Logistik und Vertrieb kennen</li>



<li><strong>Führung</strong>: Du wirst dich mit den Themen Mitarbeiterführung und Personal beschäftigen</li>
</ul>



<p>Was sollte man dafür mitbringen?</p>



<ul class="wp-block-list">
<li><strong>Schulabschluss</strong>: Hochschulreife (Abitur oder Fachabitur)</li>



<li><strong>BWL</strong>: Du hast Interesse an betriebswirtschaftlichen Prozessen</li>



<li><strong>Zahlenprofi</strong>: Du hast ein gutes Verständnis für Mathematik</li>



<li><strong>Organisationstalent</strong>: Du kannst dich selbstständig organisieren</li>



<li><strong>Motivation</strong>: Du bist top motiviert und zeigst gerne Einsatzbereitschaft</li>
</ul>



<p>Deine Vorteile bei uns!</p>



<ul class="wp-block-list">
<li><strong>Attraktive Ausbildungsvergütung</strong> – 1. Jahr 1.100,00 €, 2.Jahr 1.220,00 €, 3.Jahr 1.360,00</li>



<li><strong>Dicke Brieftasche</strong> – Weihnachts- und Urlaubsgeld</li>



<li><strong>Erholung </strong>– Bei uns hast du 42 Tage Urlaub im Jahr</li>



<li><strong>(Krisen)Sicherer Arbeitsplatz</strong> – Auch in schwierigen Zeiten, denn gegessen wird immer</li>



<li><strong>Satte Rabatte</strong> –20% Mitarbeiterrabatt auf deine EDEKA Einkäufe</li>



<li><strong>Geschenke </strong>– An Weihnachten und Geburtstagen erhalten Sie Präsente</li>



<li><strong>Zeiterfassung </strong>– Überstunden werden erfasst und vergütet oder durch Freizeit ausgeglichen</li>



<li><strong>Feierei </strong>&#8211; Absolventen-Gala im Europa-Park Rust inklusive Übernachtung und Parkbesuch</li>



<li><strong>Perspektiven und Entwicklungsmöglichkeiten</strong> – mit Engagement &amp; unseren Karriereprogrammen kannst du bei uns alles erreichen</li>



<li><strong>Expertenwissen rund um Lebensmittel</strong> &#8211; Ausbildungsseminare gekoppelt mit Digitalen Lernformaten</li>



<li><strong>Netzwerke </strong>– durch Seminare, Wettbewerbe und andere Aktionen lernst du Azubis aus der ganzen Region kennen</li>
</ul>



<p>Dauer und Ablauf</p>



<p>Die Form deiner Ausbildung gilt als praxisnahe Alternative zum BWL-Studium. Sie dauert in der Regel drei Jahre. Danach hast du zwei Abschlüsse: Kaufmann im Einzelhandel und Handelsfachwirt (dieser entspricht dem Qualitätsniveau eines Bachelorabschlusses). Der Unterricht an einer örtlichen Berufsschule entfällt gänzlich. Stattdessen besuchst du spezifische Kompaktseminare.</p>



<p>&nbsp;Bei Fragen wende dich gerne an: Carsten Sader (<a href="mailto:carsten.sader@dermarkt.de">carsten.sader@dermarkt.de</a>)</p>



<p>Aus Gründen der einfacheren Lesbarkeit wird im Textverlauf nur die männliche Form verwendet. Willkommen sind bei uns alle Menschen &#8211; unabhängig von Geschlecht, Nationalität, ethnischer und sozialer Herkunft, Behinderung, Religion, Alter sowie sexueller Orientierung und Identität.</p>

Büro &amp; Verwaltung
