{"id":16837,"date":"2026-04-19T18:09:04","date_gmt":"2026-04-19T16:09:04","guid":{"rendered":"https:\/\/ausbildung-frankfurt.de\/?post_type=job_listing&#038;p=16837"},"modified":"2026-04-24T12:19:41","modified_gmt":"2026-04-24T10:19:41","slug":"ausbildung-2026-servicekraft-fuer-schutz-und-sicherheit-m-w-d-hanau","status":"publish","type":"job_listing","link":"https:\/\/ausbildung-frankfurt.de\/en\/job\/ausbildung-2026-servicekraft-fuer-schutz-und-sicherheit-m-w-d-hanau\/","title":{"rendered":"Ausbildung 2026 Servicekraft f\u00fcr Schutz und Sicherheit (m\/w\/d) \u2013 Hanau"},"content":{"rendered":"\n<p>Wir haben keine Bewerbungsfristen. Solange die Stelle ausgeschrieben ist, kannst du deine Bewerbung einreichen. Je fr\u00fcher du dich bewirbst, umso besser stehen deine Chancen.<\/p>\n\n\n\n<p><strong>Was wir bieten<\/strong>&nbsp;<\/p>\n\n\n\n<p>Wir bieten dir eine abwechslungsreiche und qualitativ hochwertige Ausbildung in verschiedensten Berufen der Naturwissenschaft, Technik, Logistik, Gastronomie und der kaufm\u00e4nnischen Verwaltung. Bei uns als Top-Ausbildungsbetrieb kannst du dich unter anderem \u00fcber die folgenden Vorteile freuen:\u202f&nbsp;<\/p>\n\n\n\n<ul class=\"wp-block-list\">\n<li><strong>Ausbildungsverg\u00fctung<\/strong>\u202f\u00a0<br>Bereits im ersten Ausbildungsjahr erh\u00e4ltst du \u00fcber\u00a01.100 \u20ac\/Monat Gehalt. Danach steigt dein Monatsgehalt pro Ausbildungsjahr. On top erh\u00e4ltst du noch Zusatzleistungen wie Urlaubs- und\u00a0Weihnachtsgeld.\u202f\u00a0<\/li>\n\n\n\n<li><strong>Urlaub und Arbeitszeit<\/strong>\u202f\u00a0<br>Wir bieten dir eine gute Work-Life-Balance mit 30 Urlaubstagen und modernen\u00a0Arbeitszeitmodellen.\u202f\u00a0<\/li>\n\n\n\n<li><strong>Spa\u00df bei der Arbeit<\/strong>\u202f\u00a0<br>Wir bieten dir ein gutes Arbeitsklima mit vielseitigen Praxiseins\u00e4tzen in gro\u00dfartigen Teams.\u202f\u00a0<\/li>\n\n\n\n<li><strong>Kostenfreie Lernunterst\u00fctzung<\/strong>\u202f\u00a0<br>Wir bieten dir Unterst\u00fctzung beim Lernen und eine gute Betreuung durch den Betrieb.\u202f\u00a0<\/li>\n<\/ul>\n\n\n\n<p>\u2026&nbsp;und vieles mehr!\u202f&nbsp;<\/p>\n\n\n\n<p><strong>Verantwortlichkeiten<\/strong>&nbsp;<\/p>\n\n\n\n<p>Die betriebliche Ausbildung:<\/p>\n\n\n\n<ul class=\"wp-block-list\">\n<li>Planung und Durchf\u00fchrung von Ma\u00dfnahmen der Sicherung und pr\u00e4ventiver Gefahrenabwehr\u00a0<\/li>\n\n\n\n<li>Analyse von Gef\u00e4hrdungspotenzialen\u00a0<\/li>\n\n\n\n<li>Entwicklung und Umsetzung von Sicherungsma\u00dfnahmen \u00a0<\/li>\n\n\n\n<li>Identifikation und Dokumentation sicherheitsrelevanter Sachverhalte\u00a0<\/li>\n\n\n\n<li>Einleiten von Ma\u00dfnahmen bei Sicherheitsm\u00e4ngeln\u00a0<\/li>\n\n\n\n<li>Situations- und personenbezogenes Verhalten bei Schutz und Sicherheitsma\u00dfnahmen\u00a0<\/li>\n<\/ul>\n\n\n\n<p>Die theoretische Ausbildung: &nbsp;<\/p>\n\n\n\n<p>An der Berufsschule \u201eWerner-Heisenberg-Schule\u201c in R\u00fcsselsheim wird dir ein fundiertes Grundwissen in fachspezifischen und allgemeinbildenden F\u00e4chern vermittelt.&nbsp;<\/p>\n\n\n\n<p><strong>Ausbildungsdauer:<\/strong>&nbsp;2 Jahre&nbsp;<\/p>\n\n\n\n<p><strong>Ausbildungsbeginn:<\/strong>&nbsp;01.09.2026<\/p>\n\n\n\n<p><strong>Ausbildungsstandort:<\/strong>&nbsp;Hanau<\/p>\n\n\n\n<p><strong>Ansprechpartner:<\/strong>&nbsp;Christine Zeller (<a href=\"mailto:christine.zeller@evonik.com\">christine.zeller@evonik.com<\/a>) I Elke Rauch (<a href=\"mailto:elke.rauch@evonik.com\">elke.rauch@evonik.com<\/a>)<\/p>\n\n\n\n<p><strong>Anforderungen<\/strong>&nbsp;<\/p>\n\n\n\n<ul class=\"wp-block-list\">\n<li>Hauptschul- oder h\u00f6herer Schulabschluss\u00a0<\/li>\n\n\n\n<li>K\u00f6rperliche Fitness und Spa\u00df an Bewegung<\/li>\n\n\n\n<li>Hohes Sicherheits- und Verantwortungsbewusstsein\u00a0<\/li>\n\n\n\n<li>Hohe Belastbarkeit und Zuverl\u00e4ssigkeit\u00a0<\/li>\n\n\n\n<li>Einwandfreies F\u00fchrungszeugnis\u00a0<\/li>\n\n\n\n<li>Einsatzbereitschaft und Teamgeist\u00a0<\/li>\n<\/ul>\n\n\n\n<p><strong>AUSBILDUNG GESCHAFFT \u2013 WAS DANN?<\/strong>&nbsp;<\/p>\n\n\n\n<p>Servicekr\u00e4fte f\u00fcr Schutz und Sicherheit (m\/w\/d) sind immer einen Schritt voraus \u2013 sie tun alles daf\u00fcr, Gefahren vorzubeugen und die Sicherheitsvorkehrungen auf dem h\u00f6chsten Niveau zu halten. Als Servicekraft (m\/w\/d) kann deine berufliche Reise nat\u00fcrlich noch weitergehen: Wie w\u00e4re es zum Beispiel mit Qualifizierungslehrg\u00e4ngen oder Weiterbildungen zur Fachkraft (m\/w\/d)? Das Ziel w\u00e4hlst du!&nbsp;<\/p>\n\n\n\n<p>Hinweis: Aufgrund unseres Recruitingsystems Workday und teilweise automatisierten Prozessschritten werden wir im weiteren Bewerbungsprozess deine pers\u00f6nliche Anrede auf die Sie-Form umstellen.&nbsp;<\/p>\n","protected":false},"author":520,"featured_media":0,"comment_status":"closed","ping_status":"closed","template":"","job_listing_type":[141],"job_listing_category":[144,151],"job_listing_location":[214],"job_listing_tag":[],"class_list":["post-16837","job_listing","type-job_listing","status-publish","hentry","job_listing_type-ausbildung","job_listing_category-buero-verwaltung","job_listing_category-sicherheit-schutz","job_listing_location-hanau"],"metas":{"_job_featured_image":"","_job_featured":"","_job_filled":"","_job_urgent":"","_job_category":{"144":"B\u00fcro &amp; Verwaltung","151":"Sicherheit &amp; Schutz"},"_job_type":{"141":"Ausbildung"},"_job_tag":[],"_job_expiry_date":"","_job_gender":"","_job_apply_type":"external","_job_apply_url":"https:\/\/ausbildung.evonik.de\/offer-redirect\/?offerApiId=MjU2MTI3Nw&showApplicationForm=false","_job_apply_email":"","_job_salary_type":"","_job_salary":"","_job_experience":"","_job_career_level":"","_job_qualification":"","_job_video_url":"","_job_photos":{"16852":"https:\/\/ausbildung-frankfurt.de\/wp-content\/uploads\/2026\/04\/job_posting_gallery_AK-OB-ausbildung-1140x435_techniker-1.webp","16854":"https:\/\/ausbildung-frankfurt.de\/wp-content\/uploads\/2026\/04\/job_posting_gallery_AK-OB-ausbildung-1140x435_chemikanten-1.webp","16856":"https:\/\/ausbildung-frankfurt.de\/wp-content\/uploads\/2026\/04\/job_posting_gallery_2025_10_Ausbildung_Marl_DB14017-1.webp","16860":"https:\/\/ausbildung-frankfurt.de\/wp-content\/uploads\/2026\/04\/job_posting_gallery_2025_10_Ausbildung_Marl_DB14213-1.webp","16864":"https:\/\/ausbildung-frankfurt.de\/wp-content\/uploads\/2026\/04\/job_posting_gallery_AK-OB-ausbildung-1140x435_laboranten-1.webp","16866":"https:\/\/ausbildung-frankfurt.de\/wp-content\/uploads\/2026\/04\/job_posting_gallery_2025_10_Ausbildung_Marl_DB16006-1.webp","16869":"https:\/\/ausbildung-frankfurt.de\/wp-content\/uploads\/2026\/04\/job_posting_gallery_AK-OB-ausbildung-1140x435_hauptmotiv-1.webp"},"_job_application_deadline_date":"","_job_address":"Haupttor, 4, Rodenbacher Chaussee, Wolfgang, Hanau, Hesse, 63457, Germany","_job_location":{"214":"Hanau"},"_job_map_location":{"address":" Haupttor, 4, Rodenbacher Chaussee, Wolfgang, Hanau, Hesse, 63457, Germany","latitude":"50.1195764","longitude":"8.9651247"}},"_links":{"self":[{"href":"https:\/\/ausbildung-frankfurt.de\/en\/wp-json\/wp\/v2\/job_listing\/16837","targetHints":{"allow":["GET"]}}],"collection":[{"href":"https:\/\/ausbildung-frankfurt.de\/en\/wp-json\/wp\/v2\/job_listing"}],"about":[{"href":"https:\/\/ausbildung-frankfurt.de\/en\/wp-json\/wp\/v2\/types\/job_listing"}],"author":[{"embeddable":true,"href":"https:\/\/ausbildung-frankfurt.de\/en\/wp-json\/wp\/v2\/users\/520"}],"replies":[{"embeddable":true,"href":"https:\/\/ausbildung-frankfurt.de\/en\/wp-json\/wp\/v2\/comments?post=16837"}],"wp:attachment":[{"href":"https:\/\/ausbildung-frankfurt.de\/en\/wp-json\/wp\/v2\/media?parent=16837"}],"wp:term":[{"taxonomy":"job_listing_type","embeddable":true,"href":"https:\/\/ausbildung-frankfurt.de\/en\/wp-json\/wp\/v2\/job_listing_type?post=16837"},{"taxonomy":"job_listing_category","embeddable":true,"href":"https:\/\/ausbildung-frankfurt.de\/en\/wp-json\/wp\/v2\/job_listing_category?post=16837"},{"taxonomy":"job_listing_location","embeddable":true,"href":"https:\/\/ausbildung-frankfurt.de\/en\/wp-json\/wp\/v2\/job_listing_location?post=16837"},{"taxonomy":"job_listing_tag","embeddable":true,"href":"https:\/\/ausbildung-frankfurt.de\/en\/wp-json\/wp\/v2\/job_listing_tag?post=16837"}],"curies":[{"name":"wp","href":"https:\/\/api.w.org\/{rel}","templated":true}]}}

Ausbildung 2026 Servicekraft für Schutz und Sicherheit (m/w/d) – Hanau

<p>Wir haben keine Bewerbungsfristen. Solange die Stelle ausgeschrieben ist, kannst du deine Bewerbung einreichen. Je früher du dich bewirbst, umso besser stehen deine Chancen.</p>



<p><strong>Was wir bieten</strong>&nbsp;</p>



<p>Wir bieten dir eine abwechslungsreiche und qualitativ hochwertige Ausbildung in verschiedensten Berufen der Naturwissenschaft, Technik, Logistik, Gastronomie und der kaufmännischen Verwaltung. Bei uns als Top-Ausbildungsbetrieb kannst du dich unter anderem über die folgenden Vorteile freuen: &nbsp;</p>



<ul class="wp-block-list">
<li><strong>Ausbildungsvergütung</strong>  <br>Bereits im ersten Ausbildungsjahr erhältst du über 1.100 €/Monat Gehalt. Danach steigt dein Monatsgehalt pro Ausbildungsjahr. On top erhältst du noch Zusatzleistungen wie Urlaubs- und Weihnachtsgeld.  </li>



<li><strong>Urlaub und Arbeitszeit</strong>  <br>Wir bieten dir eine gute Work-Life-Balance mit 30 Urlaubstagen und modernen Arbeitszeitmodellen.  </li>



<li><strong>Spaß bei der Arbeit</strong>  <br>Wir bieten dir ein gutes Arbeitsklima mit vielseitigen Praxiseinsätzen in großartigen Teams.  </li>



<li><strong>Kostenfreie Lernunterstützung</strong>  <br>Wir bieten dir Unterstützung beim Lernen und eine gute Betreuung durch den Betrieb.  </li>
</ul>



<p>…&nbsp;und vieles mehr! &nbsp;</p>



<p><strong>Verantwortlichkeiten</strong>&nbsp;</p>



<p>Die betriebliche Ausbildung:</p>



<ul class="wp-block-list">
<li>Planung und Durchführung von Maßnahmen der Sicherung und präventiver Gefahrenabwehr </li>



<li>Analyse von Gefährdungspotenzialen </li>



<li>Entwicklung und Umsetzung von Sicherungsmaßnahmen  </li>



<li>Identifikation und Dokumentation sicherheitsrelevanter Sachverhalte </li>



<li>Einleiten von Maßnahmen bei Sicherheitsmängeln </li>



<li>Situations- und personenbezogenes Verhalten bei Schutz und Sicherheitsmaßnahmen </li>
</ul>



<p>Die theoretische Ausbildung: &nbsp;</p>



<p>An der Berufsschule „Werner-Heisenberg-Schule“ in Rüsselsheim wird dir ein fundiertes Grundwissen in fachspezifischen und allgemeinbildenden Fächern vermittelt.&nbsp;</p>



<p><strong>Ausbildungsdauer:</strong>&nbsp;2 Jahre&nbsp;</p>



<p><strong>Ausbildungsbeginn:</strong>&nbsp;01.09.2026</p>



<p><strong>Ausbildungsstandort:</strong>&nbsp;Hanau</p>



<p><strong>Ansprechpartner:</strong>&nbsp;Christine Zeller (<a href="mailto:christine.zeller@evonik.com">christine.zeller@evonik.com</a>) I Elke Rauch (<a href="mailto:elke.rauch@evonik.com">elke.rauch@evonik.com</a>)</p>



<p><strong>Anforderungen</strong>&nbsp;</p>



<ul class="wp-block-list">
<li>Hauptschul- oder höherer Schulabschluss </li>



<li>Körperliche Fitness und Spaß an Bewegung</li>



<li>Hohes Sicherheits- und Verantwortungsbewusstsein </li>



<li>Hohe Belastbarkeit und Zuverlässigkeit </li>



<li>Einwandfreies Führungszeugnis </li>



<li>Einsatzbereitschaft und Teamgeist </li>
</ul>



<p><strong>AUSBILDUNG GESCHAFFT – WAS DANN?</strong>&nbsp;</p>



<p>Servicekräfte für Schutz und Sicherheit (m/w/d) sind immer einen Schritt voraus – sie tun alles dafür, Gefahren vorzubeugen und die Sicherheitsvorkehrungen auf dem höchsten Niveau zu halten. Als Servicekraft (m/w/d) kann deine berufliche Reise natürlich noch weitergehen: Wie wäre es zum Beispiel mit Qualifizierungslehrgängen oder Weiterbildungen zur Fachkraft (m/w/d)? Das Ziel wählst du!&nbsp;</p>



<p>Hinweis: Aufgrund unseres Recruitingsystems Workday und teilweise automatisierten Prozessschritten werden wir im weiteren Bewerbungsprozess deine persönliche Anrede auf die Sie-Form umstellen.&nbsp;</p>

Büro &amp; Verwaltung
