{"id":17239,"date":"2026-04-20T08:09:49","date_gmt":"2026-04-20T06:09:49","guid":{"rendered":"https:\/\/ausbildung-frankfurt.de\/?post_type=job_listing&#038;p=17239"},"modified":"2026-04-24T07:56:49","modified_gmt":"2026-04-24T05:56:49","slug":"ausbildung-handelsfachwirt-m-w-d-2026-2","status":"publish","type":"job_listing","link":"https:\/\/ausbildung-frankfurt.de\/en\/job\/ausbildung-handelsfachwirt-m-w-d-2026-2\/","title":{"rendered":"Ausbildung Handelsfachwirt (m\/w\/d) &#8211; 2026"},"content":{"rendered":"\n<p>Was macht man da aus sich?<\/p>\n\n\n\n<p>Mit dem Handelsfachwirt-Abschluss z\u00e4hlst du zum F\u00fchrungsnachwuchs von morgen oder du wirst als selbstst\u00e4ndiger Kaufmann dein eigener Chef bei EDEKA.<\/p>\n\n\n\n<ul class=\"wp-block-list\">\n<li><strong>Tagesgesch\u00e4ft<\/strong>: Du lernst alle Bereiche des Einzelhandels kennen \u2013 von Einkauf und Verkauf \u00fcber Marketing bis hin zum richtigen Umgang mit Kunden<\/li>\n\n\n\n<li><strong>Analyse<\/strong>: Du ermittelst und analysierst betriebswirtschaftliche Kennzahlen<\/li>\n\n\n\n<li><strong>Warenwirtschaft<\/strong>: Du lernst das System der Beschaffung und Lagerhaltung von Waren kennen<\/li>\n\n\n\n<li><strong>Unternehmensbereiche<\/strong>: Du lernst insbesondere die Bereiche Betriebswirtschaft, Arbeitsorganisation, Buchhaltung, Filialabrechnung, Logistik und Vertrieb kennen<\/li>\n\n\n\n<li><strong>F\u00fchrung<\/strong>: Du wirst dich mit den Themen Mitarbeiterf\u00fchrung und Personal besch\u00e4ftigen<\/li>\n<\/ul>\n\n\n\n<p>Was sollte man daf\u00fcr mitbringen?<\/p>\n\n\n\n<ul class=\"wp-block-list\">\n<li><strong>Schulabschluss<\/strong>: Hochschulreife (Abitur oder Fachabitur)<\/li>\n\n\n\n<li><strong>BWL<\/strong>: Du hast Interesse an betriebswirtschaftlichen Prozessen<\/li>\n\n\n\n<li><strong>Zahlenprofi<\/strong>: Du hast ein gutes Verst\u00e4ndnis f\u00fcr Mathematik<\/li>\n\n\n\n<li><strong>Organisationstalent<\/strong>: Du kannst dich selbstst\u00e4ndig organisieren<\/li>\n\n\n\n<li><strong>Motivation<\/strong>: Du bist top motiviert und zeigst gerne Einsatzbereitschaft<\/li>\n<\/ul>\n\n\n\n<p>Deine Vorteile bei uns!<\/p>\n\n\n\n<ul class=\"wp-block-list\">\n<li><strong>Mitarbeiterrabatt<\/strong>: Als Teil unseres Teams erh\u00e4lst du Rabatt auf deine Eink\u00e4ufe<\/li>\n\n\n\n<li><strong>Sonderzahlungen<\/strong>: Du erh\u00e4lst Urlaubs- und Weihnachtsgeld<\/li>\n\n\n\n<li><strong>Unterst\u00fctzung<\/strong>: Du erh\u00e4lst einen Zuschuss zur betriebliche Altersvorsorge<\/li>\n\n\n\n<li><strong>Expertenwissen rund um Lebensmittel<\/strong>: Ausbildungsseminare gekoppelt mit Digitalen Lernformaten<\/li>\n\n\n\n<li><strong>Perspektiven und Entwicklungsm\u00f6glichkeiten<\/strong>: Mit Engagement &amp; unseren Karriereprogrammen kannst du bei uns alles erreichen<\/li>\n\n\n\n<li><strong>Azubi-Abschlussgala<\/strong>: Alle Auszubildenden d\u00fcrfen nach bestandener Pr\u00fcfung und \u00dcbernahme an der Azubi-Abschlussgala im Europapark teilnehmen<\/li>\n\n\n\n<li><strong>Selbstst\u00e4ndigkeit<\/strong>: Bei uns hast du die M\u00f6glichkeit, deine Ideen mit einzubringen und eigenst\u00e4ndig umzusetzen<br>\u00a0<\/li>\n<\/ul>\n\n\n\n<p>Dauer und Ablauf<\/p>\n\n\n\n<p>Die Form deiner&nbsp; Ausbildung gilt als praxisnahe Alternative zum BWL-Studium. Sie dauert in der Regel drei Jahre. Danach hast du zwei Abschl\u00fcsse: Kaufmann im Einzelhandel und Handelsfachwirt (dieser entspricht dem Qualit\u00e4tsniveau eines Bachelorabschlusses). Der Unterricht an einer \u00f6rtlichen Berufsschule entf\u00e4llt g\u00e4nzlich. Stattdessen besuchst du spezifische Kompaktseminare.<\/p>\n\n\n\n<p>Bei Fragen wende dich gerne an: Thi-Kim Nguyen (bewerbung\u200b@edeka-suedwest.de).<\/p>\n\n\n\n<p>Aus Gr\u00fcnden der einfacheren Lesbarkeit wird im Textverlauf nur die m\u00e4nnliche Form verwendet. Willkommen sind bei uns alle Menschen &#8211; unabh\u00e4ngig von Geschlecht, Nationalit\u00e4t, ethnischer und sozialer Herkunft, Behinderung, Religion, Alter sowie sexueller Orientierung und Identit\u00e4t.<\/p>\n","protected":false},"author":61,"featured_media":0,"comment_status":"closed","ping_status":"closed","template":"","job_listing_type":[141],"job_listing_category":[144,252],"job_listing_location":[290],"job_listing_tag":[],"class_list":["post-17239","job_listing","type-job_listing","status-publish","hentry","job_listing_type-ausbildung","job_listing_category-buero-verwaltung","job_listing_category-verkauf-einzelhandel","job_listing_location-neu-anspach"],"metas":{"_job_featured_image":"","_job_featured":"","_job_filled":"","_job_urgent":"","_job_category":{"144":"B\u00fcro &amp; Verwaltung","252":"Verkauf &amp; Einzelhandel"},"_job_type":{"141":"Ausbildung"},"_job_tag":[],"_job_expiry_date":"","_job_gender":"","_job_apply_type":"external","_job_apply_url":"https:\/\/bewerbermanagement.edeka-suedwest.de\/bewerber\/landingpage.php?prj=1901P34647&lang=de_DE&ie=1&oid=4711","_job_apply_email":"","_job_salary_type":"","_job_salary":"","_job_experience":"","_job_career_level":"","_job_qualification":"","_job_video_url":"","_job_photos":{"17264":"https:\/\/ausbildung-frankfurt.de\/wp-content\/uploads\/2026\/04\/job_posting_gallery_Ausbildungde-22.webp","17266":"https:\/\/ausbildung-frankfurt.de\/wp-content\/uploads\/2026\/04\/job_posting_gallery_Ausbildungde5-20.webp","17268":"https:\/\/ausbildung-frankfurt.de\/wp-content\/uploads\/2026\/04\/job_posting_gallery_Ausbildungde4-26.webp","17270":"https:\/\/ausbildung-frankfurt.de\/wp-content\/uploads\/2026\/04\/job_posting_gallery_Ausbildungde2-26.webp"},"_job_application_deadline_date":"","_job_address":"2, Lilienthalstra\u00dfe, Westerfeld, Neu-Anspach, Hochtaunuskreis, Hesse, 61267, Germany","_job_location":{"290":"Neu-Anspach"},"_job_map_location":{"address":" 2, Lilienthalstra\u00dfe, Westerfeld, Neu-Anspach, Hochtaunuskreis, Hesse, 61267, Germany","latitude":"50.3038605","longitude":"8.5170886"},"_job_employer_name":"EDEKA Verbund","_job_employer_url":"https:\/\/ausbildung-frankfurt.de\/en\/employer\/edeka-verbund\/"},"_links":{"self":[{"href":"https:\/\/ausbildung-frankfurt.de\/en\/wp-json\/wp\/v2\/job_listing\/17239","targetHints":{"allow":["GET"]}}],"collection":[{"href":"https:\/\/ausbildung-frankfurt.de\/en\/wp-json\/wp\/v2\/job_listing"}],"about":[{"href":"https:\/\/ausbildung-frankfurt.de\/en\/wp-json\/wp\/v2\/types\/job_listing"}],"author":[{"embeddable":true,"href":"https:\/\/ausbildung-frankfurt.de\/en\/wp-json\/wp\/v2\/users\/61"}],"replies":[{"embeddable":true,"href":"https:\/\/ausbildung-frankfurt.de\/en\/wp-json\/wp\/v2\/comments?post=17239"}],"wp:attachment":[{"href":"https:\/\/ausbildung-frankfurt.de\/en\/wp-json\/wp\/v2\/media?parent=17239"}],"wp:term":[{"taxonomy":"job_listing_type","embeddable":true,"href":"https:\/\/ausbildung-frankfurt.de\/en\/wp-json\/wp\/v2\/job_listing_type?post=17239"},{"taxonomy":"job_listing_category","embeddable":true,"href":"https:\/\/ausbildung-frankfurt.de\/en\/wp-json\/wp\/v2\/job_listing_category?post=17239"},{"taxonomy":"job_listing_location","embeddable":true,"href":"https:\/\/ausbildung-frankfurt.de\/en\/wp-json\/wp\/v2\/job_listing_location?post=17239"},{"taxonomy":"job_listing_tag","embeddable":true,"href":"https:\/\/ausbildung-frankfurt.de\/en\/wp-json\/wp\/v2\/job_listing_tag?post=17239"}],"curies":[{"name":"wp","href":"https:\/\/api.w.org\/{rel}","templated":true}]}}

<p>Was macht man da aus sich?</p>



<p>Mit dem Handelsfachwirt-Abschluss zählst du zum Führungsnachwuchs von morgen oder du wirst als selbstständiger Kaufmann dein eigener Chef bei EDEKA.</p>



<ul class="wp-block-list">
<li><strong>Tagesgeschäft</strong>: Du lernst alle Bereiche des Einzelhandels kennen – von Einkauf und Verkauf über Marketing bis hin zum richtigen Umgang mit Kunden</li>



<li><strong>Analyse</strong>: Du ermittelst und analysierst betriebswirtschaftliche Kennzahlen</li>



<li><strong>Warenwirtschaft</strong>: Du lernst das System der Beschaffung und Lagerhaltung von Waren kennen</li>



<li><strong>Unternehmensbereiche</strong>: Du lernst insbesondere die Bereiche Betriebswirtschaft, Arbeitsorganisation, Buchhaltung, Filialabrechnung, Logistik und Vertrieb kennen</li>



<li><strong>Führung</strong>: Du wirst dich mit den Themen Mitarbeiterführung und Personal beschäftigen</li>
</ul>



<p>Was sollte man dafür mitbringen?</p>



<ul class="wp-block-list">
<li><strong>Schulabschluss</strong>: Hochschulreife (Abitur oder Fachabitur)</li>



<li><strong>BWL</strong>: Du hast Interesse an betriebswirtschaftlichen Prozessen</li>



<li><strong>Zahlenprofi</strong>: Du hast ein gutes Verständnis für Mathematik</li>



<li><strong>Organisationstalent</strong>: Du kannst dich selbstständig organisieren</li>



<li><strong>Motivation</strong>: Du bist top motiviert und zeigst gerne Einsatzbereitschaft</li>
</ul>



<p>Deine Vorteile bei uns!</p>



<ul class="wp-block-list">
<li><strong>Mitarbeiterrabatt</strong>: Als Teil unseres Teams erhälst du Rabatt auf deine Einkäufe</li>



<li><strong>Sonderzahlungen</strong>: Du erhälst Urlaubs- und Weihnachtsgeld</li>



<li><strong>Unterstützung</strong>: Du erhälst einen Zuschuss zur betriebliche Altersvorsorge</li>



<li><strong>Expertenwissen rund um Lebensmittel</strong>: Ausbildungsseminare gekoppelt mit Digitalen Lernformaten</li>



<li><strong>Perspektiven und Entwicklungsmöglichkeiten</strong>: Mit Engagement &amp; unseren Karriereprogrammen kannst du bei uns alles erreichen</li>



<li><strong>Azubi-Abschlussgala</strong>: Alle Auszubildenden dürfen nach bestandener Prüfung und Übernahme an der Azubi-Abschlussgala im Europapark teilnehmen</li>



<li><strong>Selbstständigkeit</strong>: Bei uns hast du die Möglichkeit, deine Ideen mit einzubringen und eigenständig umzusetzen<br> </li>
</ul>



<p>Dauer und Ablauf</p>



<p>Die Form deiner&nbsp; Ausbildung gilt als praxisnahe Alternative zum BWL-Studium. Sie dauert in der Regel drei Jahre. Danach hast du zwei Abschlüsse: Kaufmann im Einzelhandel und Handelsfachwirt (dieser entspricht dem Qualitätsniveau eines Bachelorabschlusses). Der Unterricht an einer örtlichen Berufsschule entfällt gänzlich. Stattdessen besuchst du spezifische Kompaktseminare.</p>



<p>Bei Fragen wende dich gerne an: Thi-Kim Nguyen (bewerbung​@edeka-suedwest.de).</p>



<p>Aus Gründen der einfacheren Lesbarkeit wird im Textverlauf nur die männliche Form verwendet. Willkommen sind bei uns alle Menschen &#8211; unabhängig von Geschlecht, Nationalität, ethnischer und sozialer Herkunft, Behinderung, Religion, Alter sowie sexueller Orientierung und Identität.</p>

Büro &amp; Verwaltung

2, Lilienthalstraße, Westerfeld, Neu-Anspach, Hochtaunuskreis, Hesse, 61267, Germany
