{"id":17240,"date":"2026-04-20T08:09:11","date_gmt":"2026-04-20T06:09:11","guid":{"rendered":"https:\/\/ausbildung-frankfurt.de\/?post_type=job_listing&#038;p=17240"},"modified":"2026-04-24T07:56:21","modified_gmt":"2026-04-24T05:56:21","slug":"ausbildung-frischespezialist-m-w-d-2026-2","status":"publish","type":"job_listing","link":"https:\/\/ausbildung-frankfurt.de\/en\/job\/ausbildung-frischespezialist-m-w-d-2026-2\/","title":{"rendered":"Ausbildung Frischespezialist (m\/w\/d) &#8211; 2026"},"content":{"rendered":"\n<p>Was macht man da aus sich?<\/p>\n\n\n\n<p>Werde zum Allrounder! Diese Ausbildung, die dir gleich zwei IHK-Abschl\u00fcsse sichert, ist noch relativ neu \u2013 und deshalb besonders spannend.&nbsp;<\/p>\n\n\n\n<ul class=\"wp-block-list\">\n<li><strong>Organisation<\/strong>: Ob Einkauf, Marketing, Warenpr\u00e4sentation oder Verkauf &#8211; du sorgst f\u00fcr einen reibungslosen Ablauf in unserem Markt<\/li>\n\n\n\n<li><strong>Warenkunde<\/strong>: Du lernst unser gesamtes Sortiment kennen<\/li>\n\n\n\n<li><strong>Service<\/strong>: Du ber\u00e4tst unsere Kunden mit deinem Fachwissen zu frischen Lebensmitteln<\/li>\n\n\n\n<li><strong>Wirtschaftliches Denken<\/strong>: Du lernst die betriebswirtschaftlichen Prozesse im Handel kennen<\/li>\n\n\n\n<li><strong>Hygiene<\/strong>: Du kontrollierst die Einhaltung von Hygienevorschriften<\/li>\n<\/ul>\n\n\n\n<p>Was sollte man daf\u00fcr mitbringen?<\/p>\n\n\n\n<ul class=\"wp-block-list\">\n<li><strong>Schulabschluss<\/strong>: Du bringst mindestens einen Hauptschulabschluss mit<\/li>\n\n\n\n<li><strong>Foodie<\/strong>: Du hast Freude am Umgang mit frischen Lebensmitteln<\/li>\n\n\n\n<li><strong>Wirtschaftliches Denken<\/strong>: Du hast Interesse an betriebswirtschaftlichen Prozessen<\/li>\n\n\n\n<li><strong>Kundenliebling<\/strong>: Du hast Spa\u00df am Umgang mit Menschen<\/li>\n\n\n\n<li><strong>Organisationstalent<\/strong>: Du kannst dich selbstst\u00e4ndig organisieren<\/li>\n\n\n\n<li><strong>Engagement<\/strong>: Du bist top motiviert und zeigst gerne Einsatzbereitschaft<\/li>\n<\/ul>\n\n\n\n<p>Deine Vorteile bei uns!<\/p>\n\n\n\n<ul class=\"wp-block-list\">\n<li><strong>Mitarbeiterrabatt<\/strong>: Als Teil unseres Teams erh\u00e4lst du Rabatt auf deine Eink\u00e4ufe<\/li>\n\n\n\n<li><strong>Sonderzahlungen<\/strong>: Du erh\u00e4lst Urlaubs- und Weihnachtsgeld<\/li>\n\n\n\n<li><strong>Unterst\u00fctzung<\/strong>: Du erh\u00e4lst einen Zuschuss zur betriebliche Altersvorsorge<\/li>\n\n\n\n<li><strong>Expertenwissen rund um Lebensmittel<\/strong>: Ausbildungsseminare gekoppelt mit Digitalen Lernformaten<\/li>\n\n\n\n<li><strong>Perspektiven und Entwicklungsm\u00f6glichkeiten<\/strong>: Mit Engagement &amp; unseren Karriereprogrammen kannst du bei uns alles erreichen<\/li>\n\n\n\n<li><strong>Azubi-Abschlussgala<\/strong>: Alle Auszubildenden d\u00fcrfen nach bestandener Pr\u00fcfung und \u00dcbernahme an der Azubi-Abschlussgala im Europapark teilnehmen<\/li>\n\n\n\n<li><strong>Selbstst\u00e4ndigkeit<\/strong>: Bei uns hast du die M\u00f6glichkeit, deine Ideen mit einzubringen und eigenst\u00e4ndig umzusetzen<\/li>\n<\/ul>\n\n\n\n<p>Dauer und Ablauf<\/p>\n\n\n\n<ul class=\"wp-block-list\">\n<li><strong>Dauer Ausbildung<\/strong>: 3 Jahre<\/li>\n\n\n\n<li><strong>Abschluss<\/strong>: Kaufmann im Einzelhandel mit der Zusatzqualifikation zum zertifizierten Frischespezialisten<\/li>\n\n\n\n<li><strong>Pr\u00fcfungsvorbereitung und Seminare zus\u00e4tzlich zu der Berufsschule<\/strong><\/li>\n<\/ul>\n\n\n\n<p>Bei Fragen wende dich gerne an: Thi-Kim Nguyen (<a href=\"mailto:bewerbung@edeka-suedwest.de\">bewerbung@edeka-suedwest.de<\/a>).<\/p>\n\n\n\n<p>Aus Gr\u00fcnden der einfacheren Lesbarkeit wird im Textverlauf nur die m\u00e4nnliche Form verwendet. Willkommen sind bei uns alle Menschen &#8211; unabh\u00e4ngig von Geschlecht, Nationalit\u00e4t, ethnischer und sozialer Herkunft, Behinderung, Religion, Alter sowie sexueller Orientierung und Identit\u00e4t.<\/p>\n","protected":false},"author":61,"featured_media":0,"comment_status":"closed","ping_status":"closed","template":"","job_listing_type":[141],"job_listing_category":[144,145,252],"job_listing_location":[290],"job_listing_tag":[],"class_list":["post-17240","job_listing","type-job_listing","status-publish","hentry","job_listing_type-ausbildung","job_listing_category-buero-verwaltung","job_listing_category-essen-gastronomie","job_listing_category-verkauf-einzelhandel","job_listing_location-neu-anspach"],"metas":{"_job_featured_image":"","_job_featured":"","_job_filled":"","_job_urgent":"","_job_category":{"144":"B\u00fcro &amp; Verwaltung","145":"Essen &amp; Gastronomie","252":"Verkauf &amp; Einzelhandel"},"_job_type":{"141":"Ausbildung"},"_job_tag":[],"_job_expiry_date":"","_job_gender":"","_job_apply_type":"external","_job_apply_url":"https:\/\/bewerbermanagement.edeka-suedwest.de\/bewerber\/landingpage.php?prj=1901P34659&lang=de_DE&ie=1&oid=4711","_job_apply_email":"","_job_salary_type":"","_job_salary":"","_job_experience":"","_job_career_level":"","_job_qualification":"","_job_video_url":"","_job_photos":{"17272":"https:\/\/ausbildung-frankfurt.de\/wp-content\/uploads\/2026\/04\/job_posting_gallery_Ausbildungde-23.webp","17274":"https:\/\/ausbildung-frankfurt.de\/wp-content\/uploads\/2026\/04\/job_posting_gallery_Ausbildungde5-21.webp","17276":"https:\/\/ausbildung-frankfurt.de\/wp-content\/uploads\/2026\/04\/job_posting_gallery_Ausbildungde4-27.webp","17278":"https:\/\/ausbildung-frankfurt.de\/wp-content\/uploads\/2026\/04\/job_posting_gallery_Ausbildungde2-27.webp"},"_job_application_deadline_date":"","_job_address":"2, Lilienthalstra\u00dfe, Westerfeld, Neu-Anspach, Hochtaunuskreis, Hesse, 61267, Germany","_job_location":{"290":"Neu-Anspach"},"_job_map_location":{"address":" 2, Lilienthalstra\u00dfe, Westerfeld, Neu-Anspach, Hochtaunuskreis, Hesse, 61267, Germany","latitude":"50.3038605","longitude":"8.5170886"},"_job_employer_name":"EDEKA Verbund","_job_employer_url":"https:\/\/ausbildung-frankfurt.de\/en\/employer\/edeka-verbund\/"},"_links":{"self":[{"href":"https:\/\/ausbildung-frankfurt.de\/en\/wp-json\/wp\/v2\/job_listing\/17240","targetHints":{"allow":["GET"]}}],"collection":[{"href":"https:\/\/ausbildung-frankfurt.de\/en\/wp-json\/wp\/v2\/job_listing"}],"about":[{"href":"https:\/\/ausbildung-frankfurt.de\/en\/wp-json\/wp\/v2\/types\/job_listing"}],"author":[{"embeddable":true,"href":"https:\/\/ausbildung-frankfurt.de\/en\/wp-json\/wp\/v2\/users\/61"}],"replies":[{"embeddable":true,"href":"https:\/\/ausbildung-frankfurt.de\/en\/wp-json\/wp\/v2\/comments?post=17240"}],"wp:attachment":[{"href":"https:\/\/ausbildung-frankfurt.de\/en\/wp-json\/wp\/v2\/media?parent=17240"}],"wp:term":[{"taxonomy":"job_listing_type","embeddable":true,"href":"https:\/\/ausbildung-frankfurt.de\/en\/wp-json\/wp\/v2\/job_listing_type?post=17240"},{"taxonomy":"job_listing_category","embeddable":true,"href":"https:\/\/ausbildung-frankfurt.de\/en\/wp-json\/wp\/v2\/job_listing_category?post=17240"},{"taxonomy":"job_listing_location","embeddable":true,"href":"https:\/\/ausbildung-frankfurt.de\/en\/wp-json\/wp\/v2\/job_listing_location?post=17240"},{"taxonomy":"job_listing_tag","embeddable":true,"href":"https:\/\/ausbildung-frankfurt.de\/en\/wp-json\/wp\/v2\/job_listing_tag?post=17240"}],"curies":[{"name":"wp","href":"https:\/\/api.w.org\/{rel}","templated":true}]}}

<p>Was macht man da aus sich?</p>



<p>Werde zum Allrounder! Diese Ausbildung, die dir gleich zwei IHK-Abschlüsse sichert, ist noch relativ neu – und deshalb besonders spannend.&nbsp;</p>



<ul class="wp-block-list">
<li><strong>Organisation</strong>: Ob Einkauf, Marketing, Warenpräsentation oder Verkauf &#8211; du sorgst für einen reibungslosen Ablauf in unserem Markt</li>



<li><strong>Warenkunde</strong>: Du lernst unser gesamtes Sortiment kennen</li>



<li><strong>Service</strong>: Du berätst unsere Kunden mit deinem Fachwissen zu frischen Lebensmitteln</li>



<li><strong>Wirtschaftliches Denken</strong>: Du lernst die betriebswirtschaftlichen Prozesse im Handel kennen</li>



<li><strong>Hygiene</strong>: Du kontrollierst die Einhaltung von Hygienevorschriften</li>
</ul>



<p>Was sollte man dafür mitbringen?</p>



<ul class="wp-block-list">
<li><strong>Schulabschluss</strong>: Du bringst mindestens einen Hauptschulabschluss mit</li>



<li><strong>Foodie</strong>: Du hast Freude am Umgang mit frischen Lebensmitteln</li>



<li><strong>Wirtschaftliches Denken</strong>: Du hast Interesse an betriebswirtschaftlichen Prozessen</li>



<li><strong>Kundenliebling</strong>: Du hast Spaß am Umgang mit Menschen</li>



<li><strong>Organisationstalent</strong>: Du kannst dich selbstständig organisieren</li>



<li><strong>Engagement</strong>: Du bist top motiviert und zeigst gerne Einsatzbereitschaft</li>
</ul>



<p>Deine Vorteile bei uns!</p>



<ul class="wp-block-list">
<li><strong>Mitarbeiterrabatt</strong>: Als Teil unseres Teams erhälst du Rabatt auf deine Einkäufe</li>



<li><strong>Sonderzahlungen</strong>: Du erhälst Urlaubs- und Weihnachtsgeld</li>



<li><strong>Unterstützung</strong>: Du erhälst einen Zuschuss zur betriebliche Altersvorsorge</li>



<li><strong>Expertenwissen rund um Lebensmittel</strong>: Ausbildungsseminare gekoppelt mit Digitalen Lernformaten</li>



<li><strong>Perspektiven und Entwicklungsmöglichkeiten</strong>: Mit Engagement &amp; unseren Karriereprogrammen kannst du bei uns alles erreichen</li>



<li><strong>Azubi-Abschlussgala</strong>: Alle Auszubildenden dürfen nach bestandener Prüfung und Übernahme an der Azubi-Abschlussgala im Europapark teilnehmen</li>



<li><strong>Selbstständigkeit</strong>: Bei uns hast du die Möglichkeit, deine Ideen mit einzubringen und eigenständig umzusetzen</li>
</ul>



<p>Dauer und Ablauf</p>



<ul class="wp-block-list">
<li><strong>Dauer Ausbildung</strong>: 3 Jahre</li>



<li><strong>Abschluss</strong>: Kaufmann im Einzelhandel mit der Zusatzqualifikation zum zertifizierten Frischespezialisten</li>



<li><strong>Prüfungsvorbereitung und Seminare zusätzlich zu der Berufsschule</strong></li>
</ul>



<p>Bei Fragen wende dich gerne an: Thi-Kim Nguyen (<a href="mailto:bewerbung@edeka-suedwest.de">bewerbung@edeka-suedwest.de</a>).</p>



<p>Aus Gründen der einfacheren Lesbarkeit wird im Textverlauf nur die männliche Form verwendet. Willkommen sind bei uns alle Menschen &#8211; unabhängig von Geschlecht, Nationalität, ethnischer und sozialer Herkunft, Behinderung, Religion, Alter sowie sexueller Orientierung und Identität.</p>

Büro &amp; Verwaltung

2, Lilienthalstraße, Westerfeld, Neu-Anspach, Hochtaunuskreis, Hesse, 61267, Germany
