{"id":17549,"date":"2026-04-02T17:43:15","date_gmt":"2026-04-02T15:43:15","guid":{"rendered":"https:\/\/ausbildung-frankfurt.de\/?post_type=job_listing&#038;p=17549"},"modified":"2026-04-25T09:04:03","modified_gmt":"2026-04-25T07:04:03","slug":"ausbildung-als-mechatroniker-w-m-d-fuer-kaeltetechnik-2026","status":"publish","type":"job_listing","link":"https:\/\/ausbildung-frankfurt.de\/en\/job\/ausbildung-als-mechatroniker-w-m-d-fuer-kaeltetechnik-2026\/","title":{"rendered":"Ausbildung als Mechatroniker (w\/m\/d) f\u00fcr K\u00e4ltetechnik 2026"},"content":{"rendered":"\n<p><strong>Eine ENTEGA &#8211; das sind wir:<\/strong><br>Stabile Beine, bewegliche Arme, ein Herz, das f\u00fcr Nachhaltigkeit und Klimaschutz schl\u00e4gt, und ein hellwacher Kopf \u2013 das ist der Arbeitgeber ENTEGA! Wir packen zu und treiben die Themen der Zukunft, um DER nachhaltige und innovative L\u00f6sungsanbieter f\u00fcr alle zu sein. Auf der Zielgeraden zum \u00f6kologisch vision\u00e4ren Gesamtdienstleister stehen wir immer schon f\u00fcr Verl\u00e4sslichkeit \u2013 auch als Arbeitgeber.<\/p>\n\n\n\n<p>Bei dieser Stelle handelt es sich um eine Position bei der e-netz S\u00fcdhessen AG, einem Tochterunternehmen der ENTEGA AG.<\/p>\n\n\n\n<p><strong>Du willst mit uns die Energiewende gestalten? Dann freuen wir uns auf deine Bewerbung.<\/strong><br>Schwerbehinderte und ihnen Gleichgestellte werden bei gleicher Qualifikation und Bef\u00e4higung bevorzugt ber\u00fccksichtigt.<\/p>\n\n\n\n<p><strong>Ausbildung als Mechatroniker (w\/m\/d) f\u00fcr K\u00e4ltetechnik 2026<\/strong><\/p>\n\n\n\n<p><strong>Deine Aufgaben &#8211; Die Zukunft mitgestalten:<\/strong><\/p>\n\n\n\n<ul class=\"wp-block-list\">\n<li>Die verschiedensten\u00a0<strong>Anlagen<\/strong>,\u00a0<strong>Systeme<\/strong>\u00a0und\u00a0<strong>Komponenten<\/strong>\u00a0unserer\u00a0<strong>K\u00e4lte- und Klimatechnik<\/strong>\u00a0werden von dir geplant, montiert, in Betrieb genommen, demontiert, gewartet und auch instandgesetzt.<\/li>\n\n\n\n<li>Du \u00fcberpr\u00fcfst die\u00a0<strong>Funktion<\/strong>\u00a0und\u00a0<strong>Sicherheit<\/strong>\u00a0unserer\u00a0<strong>Mess-<\/strong>,\u00a0<strong>Steuerungs-\u00a0<\/strong>und\u00a0<strong>Regeltechnik.<\/strong><\/li>\n\n\n\n<li>Du f\u00fchrst\u00a0<strong>D\u00e4mm-<\/strong>,\u00a0<strong>Korrosionsschutz-\u00a0<\/strong>und<strong>\u00a0Brandschutzma\u00dfnahmen<\/strong>\u00a0durch.<\/li>\n\n\n\n<li>Du sorgst gemeinsam mit uns f\u00fcr die\u00a0<strong>Wiederverwendung\u00a0<\/strong>oder auch\u00a0<strong>fachgerechte Entsorgung<\/strong>\u00a0von\u00a0<strong>K\u00e4ltemitteln<\/strong>,\u00a0<strong>K\u00fchlmitteln\u00a0<\/strong>und\u00a0<strong>K\u00e4ltemaschinen\u00f6len.<\/strong><\/li>\n\n\n\n<li>Deine\u00a0<strong>Kompetenz<\/strong>\u00a0in Bezug auf unsere\u00a0<strong>Produkte<\/strong>\u00a0und\u00a0<strong>Dienstleistungen<\/strong>\u00a0kannst du in den\u00a0<strong>regelm\u00e4\u00dfigen Beratungen<\/strong>\u00a0unserer Kund*innen zeigen \u2013 \u00f6<strong>kologische\u00a0<\/strong>und\u00a0<strong>\u00f6konomische Aspekte\u00a0<\/strong>stehen f\u00fcr dich dabei im Fokus.<\/li>\n<\/ul>\n\n\n\n<p><strong>Dein Profil &#8211; Ein Herz f\u00fcr Nachhaltigkeit:<\/strong><\/p>\n\n\n\n<ul class=\"wp-block-list\">\n<li>Guter\u00a0<strong>Haupt-<\/strong>\u00a0bzw.\u00a0<strong>Realschulabschluss<\/strong>,\u00a0<strong>Fachabitur<\/strong>\u00a0oder\u00a0<strong>Abitur<\/strong><\/li>\n\n\n\n<li>Ausgepr\u00e4gtes\u00a0<strong>mathematisches\u00a0<\/strong>und\u00a0<strong>analytisches Denkverm\u00f6gen<\/strong><\/li>\n\n\n\n<li>Interesse an\u00a0<strong>technischen Zusammenh\u00e4ngen\u00a0<\/strong>und\u00a0<strong>handwerkliches Geschick<\/strong><\/li>\n\n\n\n<li>Neugier und Lust, Teil der\u00a0<strong>Energiewende<\/strong>\u00a0zu sein<\/li>\n<\/ul>\n\n\n\n<p><strong>Darauf kannst du dich verlassen:<\/strong><\/p>\n\n\n\n<ul class=\"wp-block-list\">\n<li>Karriere nach der Ausbildung<\/li>\n\n\n\n<li>Gemeinsam stark<\/li>\n\n\n\n<li>Finanzielle Unterst\u00fctzung w\u00e4hrend der Ausbildung<\/li>\n\n\n\n<li>Pr\u00fcfungsvorbereitung<\/li>\n\n\n\n<li>Seminare &amp; Events<\/li>\n\n\n\n<li>Arbeiten im Team<\/li>\n\n\n\n<li>Jugend- und Ausbildungsvertretung<\/li>\n\n\n\n<li>Fit &amp; gesund<\/li>\n\n\n\n<li>Orientierungswoche im Konzern<\/li>\n<\/ul>\n","protected":false},"author":154,"featured_media":0,"comment_status":"closed","ping_status":"closed","template":"","job_listing_type":[141],"job_listing_category":[146,148],"job_listing_location":[287],"job_listing_tag":[],"class_list":["post-17549","job_listing","type-job_listing","status-publish","hentry","job_listing_type-ausbildung","job_listing_category-handwerk-produktion","job_listing_category-labor-technik","job_listing_location-darmstadt"],"metas":{"_job_featured_image":"","_job_featured":"","_job_filled":"","_job_urgent":"","_job_category":{"146":"Handwerk &amp; Produktion","148":"Labor &amp; Technik"},"_job_type":{"141":"Ausbildung"},"_job_tag":[],"_job_expiry_date":"","_job_gender":"","_job_apply_type":"external","_job_apply_url":"https:\/\/t.gohiring.com\/h\/23867fb0921f5bbd41fa602765336b3777e8094fff7d7da1e99782e0f4d7d7c4","_job_apply_email":"","_job_salary_type":"","_job_salary":"","_job_experience":"","_job_career_level":"","_job_qualification":"","_job_video_url":"","_job_photos":{"17605":"https:\/\/ausbildung-frankfurt.de\/wp-content\/uploads\/2026\/04\/job_posting_gallery_iStock-1272777986__002_.webp","17607":"https:\/\/ausbildung-frankfurt.de\/wp-content\/uploads\/2026\/04\/job_posting_gallery_IMG_6137_bearb.webp","17609":"https:\/\/ausbildung-frankfurt.de\/wp-content\/uploads\/2026\/04\/job_posting_gallery_IMG_7369_bearb.webp","17611":"https:\/\/ausbildung-frankfurt.de\/wp-content\/uploads\/2026\/04\/job_posting_gallery_Entega_6229_185_r.webp","17613":"https:\/\/ausbildung-frankfurt.de\/wp-content\/uploads\/2026\/04\/job_posting_gallery_IMG_6516_bearb.webp","17617":"https:\/\/ausbildung-frankfurt.de\/wp-content\/uploads\/2026\/04\/job_posting_gallery_Entega_8049_r.webp","17623":"https:\/\/ausbildung-frankfurt.de\/wp-content\/uploads\/2026\/04\/job_posting_gallery_Headergrafik_Facebook_Desktop_820x312px_v1.webp"},"_job_application_deadline_date":"","_job_address":"e-netz S\u00fcdhessen, Waldkolonie, Darmstadt-Nord, Darmstadt, Hesse, 64293, Germany","_job_location":{"287":"Darmstadt"},"_job_map_location":{"address":" e-netz S\u00fcdhessen, Waldkolonie, Darmstadt-Nord, Darmstadt, Hesse, 64293, Germany","latitude":"49.8743727","longitude":"8.624976"},"_job_employer_name":"ENTEGA AG","_job_employer_url":"https:\/\/ausbildung-frankfurt.de\/en\/employer\/entega-ag\/"},"_links":{"self":[{"href":"https:\/\/ausbildung-frankfurt.de\/en\/wp-json\/wp\/v2\/job_listing\/17549","targetHints":{"allow":["GET"]}}],"collection":[{"href":"https:\/\/ausbildung-frankfurt.de\/en\/wp-json\/wp\/v2\/job_listing"}],"about":[{"href":"https:\/\/ausbildung-frankfurt.de\/en\/wp-json\/wp\/v2\/types\/job_listing"}],"author":[{"embeddable":true,"href":"https:\/\/ausbildung-frankfurt.de\/en\/wp-json\/wp\/v2\/users\/154"}],"replies":[{"embeddable":true,"href":"https:\/\/ausbildung-frankfurt.de\/en\/wp-json\/wp\/v2\/comments?post=17549"}],"wp:attachment":[{"href":"https:\/\/ausbildung-frankfurt.de\/en\/wp-json\/wp\/v2\/media?parent=17549"}],"wp:term":[{"taxonomy":"job_listing_type","embeddable":true,"href":"https:\/\/ausbildung-frankfurt.de\/en\/wp-json\/wp\/v2\/job_listing_type?post=17549"},{"taxonomy":"job_listing_category","embeddable":true,"href":"https:\/\/ausbildung-frankfurt.de\/en\/wp-json\/wp\/v2\/job_listing_category?post=17549"},{"taxonomy":"job_listing_location","embeddable":true,"href":"https:\/\/ausbildung-frankfurt.de\/en\/wp-json\/wp\/v2\/job_listing_location?post=17549"},{"taxonomy":"job_listing_tag","embeddable":true,"href":"https:\/\/ausbildung-frankfurt.de\/en\/wp-json\/wp\/v2\/job_listing_tag?post=17549"}],"curies":[{"name":"wp","href":"https:\/\/api.w.org\/{rel}","templated":true}]}}

Ausbildung als Mechatroniker (w/m/d) für Kältetechnik 2026

<p><strong>Eine ENTEGA &#8211; das sind wir:</strong><br>Stabile Beine, bewegliche Arme, ein Herz, das für Nachhaltigkeit und Klimaschutz schlägt, und ein hellwacher Kopf – das ist der Arbeitgeber ENTEGA! Wir packen zu und treiben die Themen der Zukunft, um DER nachhaltige und innovative Lösungsanbieter für alle zu sein. Auf der Zielgeraden zum ökologisch visionären Gesamtdienstleister stehen wir immer schon für Verlässlichkeit – auch als Arbeitgeber.</p>



<p>Bei dieser Stelle handelt es sich um eine Position bei der e-netz Südhessen AG, einem Tochterunternehmen der ENTEGA AG.</p>



<p><strong>Du willst mit uns die Energiewende gestalten? Dann freuen wir uns auf deine Bewerbung.</strong><br>Schwerbehinderte und ihnen Gleichgestellte werden bei gleicher Qualifikation und Befähigung bevorzugt berücksichtigt.</p>



<p><strong>Ausbildung als Mechatroniker (w/m/d) für Kältetechnik 2026</strong></p>



<p><strong>Deine Aufgaben &#8211; Die Zukunft mitgestalten:</strong></p>



<ul class="wp-block-list">
<li>Die verschiedensten <strong>Anlagen</strong>, <strong>Systeme</strong> und <strong>Komponenten</strong> unserer <strong>Kälte- und Klimatechnik</strong> werden von dir geplant, montiert, in Betrieb genommen, demontiert, gewartet und auch instandgesetzt.</li>



<li>Du überprüfst die <strong>Funktion</strong> und <strong>Sicherheit</strong> unserer <strong>Mess-</strong>, <strong>Steuerungs- </strong>und <strong>Regeltechnik.</strong></li>



<li>Du führst <strong>Dämm-</strong>, <strong>Korrosionsschutz- </strong>und<strong> Brandschutzmaßnahmen</strong> durch.</li>



<li>Du sorgst gemeinsam mit uns für die <strong>Wiederverwendung </strong>oder auch <strong>fachgerechte Entsorgung</strong> von <strong>Kältemitteln</strong>, <strong>Kühlmitteln </strong>und <strong>Kältemaschinenölen.</strong></li>



<li>Deine <strong>Kompetenz</strong> in Bezug auf unsere <strong>Produkte</strong> und <strong>Dienstleistungen</strong> kannst du in den <strong>regelmäßigen Beratungen</strong> unserer Kund*innen zeigen – ö<strong>kologische </strong>und <strong>ökonomische Aspekte </strong>stehen für dich dabei im Fokus.</li>
</ul>



<p><strong>Dein Profil &#8211; Ein Herz für Nachhaltigkeit:</strong></p>



<ul class="wp-block-list">
<li>Guter <strong>Haupt-</strong> bzw. <strong>Realschulabschluss</strong>, <strong>Fachabitur</strong> oder <strong>Abitur</strong></li>



<li>Ausgeprägtes <strong>mathematisches </strong>und <strong>analytisches Denkvermögen</strong></li>



<li>Interesse an <strong>technischen Zusammenhängen </strong>und <strong>handwerkliches Geschick</strong></li>



<li>Neugier und Lust, Teil der <strong>Energiewende</strong> zu sein</li>
</ul>



<p><strong>Darauf kannst du dich verlassen:</strong></p>



<ul class="wp-block-list">
<li>Karriere nach der Ausbildung</li>



<li>Gemeinsam stark</li>



<li>Finanzielle Unterstützung während der Ausbildung</li>



<li>Prüfungsvorbereitung</li>



<li>Seminare &amp; Events</li>



<li>Arbeiten im Team</li>



<li>Jugend- und Ausbildungsvertretung</li>



<li>Fit &amp; gesund</li>



<li>Orientierungswoche im Konzern</li>
</ul>

e-netz Südhessen, Waldkolonie, Darmstadt-Nord, Darmstadt, Hesse, 64293, Germany
