{"id":17660,"date":"2026-04-12T17:55:36","date_gmt":"2026-04-12T15:55:36","guid":{"rendered":"https:\/\/ausbildung-frankfurt.de\/?post_type=job_listing&#038;p=17660"},"modified":"2026-04-25T09:11:00","modified_gmt":"2026-04-25T07:11:00","slug":"ausbildung-zum-mechatroniker-m-w-d-start-ab-september-2026","status":"publish","type":"job_listing","link":"https:\/\/ausbildung-frankfurt.de\/en\/job\/ausbildung-zum-mechatroniker-m-w-d-start-ab-september-2026\/","title":{"rendered":"Ausbildung zum Mechatroniker (m\/w\/d) &#8211; Start ab September 2026"},"content":{"rendered":"\n<p>Ausbildung zum Mechatroniker (m\/w\/d) &#8211; Start ab September 2026<\/p>\n\n\n\n<p>\u201e<strong>The future is cirQlar<\/strong>\u201c. Digitale und nachhaltige L\u00f6sungen, um Unternehmen eine klimaneutrale Zukunft zu erm\u00f6glichen &#8211; das ist der Antrieb und Anspruch von Qlar. Unser Erfolg fu\u00dft auf mehr als 140 Jahren Erfahrung und der starken Marke Schenck Process. Mit Qlar geht unsere Reise als eines der weltweit f\u00fchrenden Unternehmen im Bereich der klimaneutralen Materialtransformation weiter. Wir arbeiten t\u00e4glich daran, neue innovative L\u00f6sungen und nachhaltige Prozesstechnologien f\u00fcr unterschiedlichste Branchen zu entwickeln.&nbsp;<\/p>\n\n\n\n<p>Sie sind auf der Suche nach komplexen Aufgaben und spannenden Herausforderungen in einem internationalen Umfeld? Dann sind Sie bei uns an der richtigen Adresse! Unsere offene und kollegiale Unternehmenskultur erm\u00f6glicht es Ihnen, sich frei zu entfalten, Ihre individuellen St\u00e4rken einzubringen und gemeinsam mit uns zu wachsen.<\/p>\n\n\n\n<p><strong>Perfekt austariert &#8211; Wo liegt der Fokus?<\/strong><\/p>\n\n\n\n<ul class=\"wp-block-list\">\n<li>Bau komplexer Maschinen aus Einzelkomponenten<\/li>\n\n\n\n<li>Erkennung und Behebung von St\u00f6rungen<\/li>\n\n\n\n<li>Bearbeitung und Qualit\u00e4tskontrolle von Teilen<\/li>\n\n\n\n<li>Einblicke in modernen W\u00e4ge- und Dosiertechniken<\/li>\n\n\n\n<li>Und vieles, vieles mehr<\/li>\n<\/ul>\n\n\n\n<p><strong>Das zeichnet Deine Ausbildung bei Qlar aus<\/strong><\/p>\n\n\n\n<ul class=\"wp-block-list\">\n<li><strong>Ausbildungsorte<\/strong>: Die praktische Ausbildung findet an unserem Standort in Darmstadt und in der Ausbildungswerkstatt bei Pittler ProRegion in Langen statt. Bei uns in der Montagehalle wechselt Dein Arbeitsplatz zwischen den einzelnen Produktlinien \u2013 keine Sorge, es ist weder laut noch schmutzig bei uns. Die theoretischen Grundlagen Deiner Ausbildung werden in der Erasmus-Kittler-Berufsschule in Darmstadt vermittelt.<\/li>\n\n\n\n<li><strong>Ausbildungsdauer<\/strong>: Deine Ausbildung dauert 3,5 Jahre und beginnt am 01. September 2026.<\/li>\n\n\n\n<li><strong>Arbeitszeit<\/strong>: Du hast bei uns eine 35-Stunden-Woche und damit noch Zeit f\u00fcr Deine Hobbies nach Feierabend. Ganz im Sinne der Work-Life-Balance.<\/li>\n\n\n\n<li><strong>Ausbildungsverg\u00fctung:<\/strong>\u00a0Jetzt kommt das Beste, Du verdienst w\u00e4hrend Deiner Ausbildung Dein eigenes Geld &#8211; es geht mit monatlich 1.261 \u20ac im ersten Ausbildungsjahr los.<\/li>\n\n\n\n<li><strong>Arbeitsatmosph\u00e4re<\/strong>: Ein vertrauensvolles und wertsch\u00e4tzendes Miteinander ist unsere Schl\u00fcssel zu einer erfolgreichen Teamkultur, in der Fehler als Chance gesehen werden und Du Dich aktiv mit Deinen Ideen einbringen darfst.<\/li>\n<\/ul>\n\n\n\n<p><strong>Deine Zukunft. Deine Ausbildung. Qlar.<\/strong>&nbsp;<\/p>\n\n\n\n<p>Durch Deine Ausbildung zum Mechatroniker (m\/w\/d) baust Du ein solides Fachwissen auf und kennst bereits erste Kniffe und Tricks f\u00fcr den Arbeitsalltag. Typische Arbeitsbereiche f\u00fcr Mechatroniker (m\/w\/d) bei Qlar sind: Montage, Inbetriebnahme und Wartung, Qualit\u00e4tskontrolle und viele mehr.<\/p>\n\n\n\n<p><strong>Ausgewogene Erfolgsmischung &#8211; Wen suchen wir?<\/strong><\/p>\n\n\n\n<p><strong>Gute Gr\u00fcnde, warum die Ausbildung zum Mechatroniker (m\/w\/d) bei Qlar das Richtige f\u00fcr Dich ist:<\/strong><\/p>\n\n\n\n<ul class=\"wp-block-list\">\n<li>Du interessierst Dich f\u00fcr Mechanik, Elektrik und Elektronik<\/li>\n\n\n\n<li>Du arbeitest gerne mit Deinen H\u00e4nden und bist am liebsten aktiv<\/li>\n\n\n\n<li>Du hast Lust an der Fertigung von Maschinen im Bereich W\u00e4getechnik mitzuwirken<\/li>\n<\/ul>\n\n\n\n<p>Dann bewirb Dich bei uns!<\/p>\n\n\n\n<p><strong>Wir bieten:<\/strong><\/p>\n\n\n\n<ul class=\"wp-block-list\">\n<li>Ein spannendes Umfeld bei einem dynamischen Weltmarktf\u00fchrer<\/li>\n\n\n\n<li>Eine attraktive Verg\u00fctung nach den Tarifbestimmungen der IG Metall Hessen mit Urlaubsgeld, Weihnachtsgeld und weiteren Zusatzzahlungen<\/li>\n\n\n\n<li>Viele attraktive Sozialleistungen (RMV-JobTicket, bezuschusste Kantine, betriebliche Altersvorsorge, 30 Tage Urlaub, Parkplatz, Gesundheitsaktionen, Corporate Benefits uvm.)<\/li>\n\n\n\n<li>Ein Team von Kollegen und Kolleginnen, welches Dich kollegial unterst\u00fctzt.<\/li>\n\n\n\n<li>Und vieles mehr!<\/li>\n<\/ul>\n\n\n\n<p><strong>Lust auf die richtige Mischung aus Abwechslung, Herausforderungen, Freir\u00e4umen und Perspektiven?<\/strong><\/p>\n\n\n\n<p>Dann bewirb Dich jetzt! Wir freuen uns auf Deine vollst\u00e4ndige Online-Bewerbung inkl. der letzten beiden Zeugnisse.&nbsp;<strong>Let&#8217;s get together!<\/strong><\/p>\n\n\n\n<p><strong>Noch Fragen?<\/strong><\/p>\n\n\n\n<p>Deine Fragen kannst Du gerne per Email an Laura Driscoll (sie\/ihr) unter&nbsp;<a href=\"mailto:career@qlar.com\">career@qlar.com<\/a>&nbsp;richten.<\/p>\n\n\n\n<p><strong>Qlar &#8211; Was zeichnet uns aus?<\/strong><br>Die Vielfalt unserer Mitarbeitenden macht Qlar aus und ist essentiell f\u00fcr unsere Unternehmenskultur sowie unsere Arbeitsweise als Weltmarktf\u00fchrer. Wir freuen uns auf Ihre Bewerbung, unabh\u00e4ngig von Hautfarbe, Religion, Geschlecht(-identit\u00e4t), sexueller Orientierung, Rasse, nationaler Herkunft, Alter, Behinderung oder Familienstand.<\/p>\n\n\n\n<p>Pallaswiesenstra\u00dfe 100, 64293 Darmstadt, Deutschland<\/p>\n","protected":false},"author":36,"featured_media":0,"comment_status":"closed","ping_status":"closed","template":"","job_listing_type":[141],"job_listing_category":[146,148],"job_listing_location":[287],"job_listing_tag":[],"class_list":["post-17660","job_listing","type-job_listing","status-publish","hentry","job_listing_type-ausbildung","job_listing_category-handwerk-produktion","job_listing_category-labor-technik","job_listing_location-darmstadt"],"metas":{"_job_featured_image":"","_job_featured":"","_job_filled":"","_job_urgent":"","_job_category":{"146":"Handwerk &amp; Produktion","148":"Labor &amp; Technik"},"_job_type":{"141":"Ausbildung"},"_job_tag":[],"_job_expiry_date":"","_job_gender":"","_job_apply_type":"external","_job_apply_url":"https:\/\/qlar.wd3.myworkdayjobs.com\/de-DE\/Qlar_Careers","_job_apply_email":"","_job_salary_type":"","_job_salary":"","_job_experience":"","_job_career_level":"","_job_qualification":"","_job_video_url":"","_job_photos":{"17682":"https:\/\/ausbildung-frankfurt.de\/wp-content\/uploads\/2026\/04\/job_posting_gallery_Eingangsbereich_02_kl-3.webp","17684":"https:\/\/ausbildung-frankfurt.de\/wp-content\/uploads\/2026\/04\/job_posting_gallery_Qlar_Fahnen_03_kl-3.webp","17686":"https:\/\/ausbildung-frankfurt.de\/wp-content\/uploads\/2026\/04\/job_posting_gallery_Qlar__Headquarter_01_kl-3.webp"},"_job_application_deadline_date":"","_job_address":"Darmstadt, Hesse, Germany","_job_location":{"287":"Darmstadt"},"_job_map_location":{"address":" Darmstadt, Hesse, Germany","latitude":"49.872775","longitude":"8.651177"},"_job_employer_name":"Qlar Europe GmbH","_job_employer_url":"https:\/\/ausbildung-frankfurt.de\/en\/employer\/qlar-europe-gmbh\/"},"_links":{"self":[{"href":"https:\/\/ausbildung-frankfurt.de\/en\/wp-json\/wp\/v2\/job_listing\/17660","targetHints":{"allow":["GET"]}}],"collection":[{"href":"https:\/\/ausbildung-frankfurt.de\/en\/wp-json\/wp\/v2\/job_listing"}],"about":[{"href":"https:\/\/ausbildung-frankfurt.de\/en\/wp-json\/wp\/v2\/types\/job_listing"}],"author":[{"embeddable":true,"href":"https:\/\/ausbildung-frankfurt.de\/en\/wp-json\/wp\/v2\/users\/36"}],"replies":[{"embeddable":true,"href":"https:\/\/ausbildung-frankfurt.de\/en\/wp-json\/wp\/v2\/comments?post=17660"}],"wp:attachment":[{"href":"https:\/\/ausbildung-frankfurt.de\/en\/wp-json\/wp\/v2\/media?parent=17660"}],"wp:term":[{"taxonomy":"job_listing_type","embeddable":true,"href":"https:\/\/ausbildung-frankfurt.de\/en\/wp-json\/wp\/v2\/job_listing_type?post=17660"},{"taxonomy":"job_listing_category","embeddable":true,"href":"https:\/\/ausbildung-frankfurt.de\/en\/wp-json\/wp\/v2\/job_listing_category?post=17660"},{"taxonomy":"job_listing_location","embeddable":true,"href":"https:\/\/ausbildung-frankfurt.de\/en\/wp-json\/wp\/v2\/job_listing_location?post=17660"},{"taxonomy":"job_listing_tag","embeddable":true,"href":"https:\/\/ausbildung-frankfurt.de\/en\/wp-json\/wp\/v2\/job_listing_tag?post=17660"}],"curies":[{"name":"wp","href":"https:\/\/api.w.org\/{rel}","templated":true}]}}

<p>Ausbildung zum Mechatroniker (m/w/d) &#8211; Start ab September 2026</p>



<p>„<strong>The future is cirQlar</strong>“. Digitale und nachhaltige Lösungen, um Unternehmen eine klimaneutrale Zukunft zu ermöglichen &#8211; das ist der Antrieb und Anspruch von Qlar. Unser Erfolg fußt auf mehr als 140 Jahren Erfahrung und der starken Marke Schenck Process. Mit Qlar geht unsere Reise als eines der weltweit führenden Unternehmen im Bereich der klimaneutralen Materialtransformation weiter. Wir arbeiten täglich daran, neue innovative Lösungen und nachhaltige Prozesstechnologien für unterschiedlichste Branchen zu entwickeln.&nbsp;</p>



<p>Sie sind auf der Suche nach komplexen Aufgaben und spannenden Herausforderungen in einem internationalen Umfeld? Dann sind Sie bei uns an der richtigen Adresse! Unsere offene und kollegiale Unternehmenskultur ermöglicht es Ihnen, sich frei zu entfalten, Ihre individuellen Stärken einzubringen und gemeinsam mit uns zu wachsen.</p>



<p><strong>Perfekt austariert &#8211; Wo liegt der Fokus?</strong></p>



<ul class="wp-block-list">
<li>Bau komplexer Maschinen aus Einzelkomponenten</li>



<li>Erkennung und Behebung von Störungen</li>



<li>Bearbeitung und Qualitätskontrolle von Teilen</li>



<li>Einblicke in modernen Wäge- und Dosiertechniken</li>



<li>Und vieles, vieles mehr</li>
</ul>



<p><strong>Das zeichnet Deine Ausbildung bei Qlar aus</strong></p>



<ul class="wp-block-list">
<li><strong>Ausbildungsorte</strong>: Die praktische Ausbildung findet an unserem Standort in Darmstadt und in der Ausbildungswerkstatt bei Pittler ProRegion in Langen statt. Bei uns in der Montagehalle wechselt Dein Arbeitsplatz zwischen den einzelnen Produktlinien – keine Sorge, es ist weder laut noch schmutzig bei uns. Die theoretischen Grundlagen Deiner Ausbildung werden in der Erasmus-Kittler-Berufsschule in Darmstadt vermittelt.</li>



<li><strong>Ausbildungsdauer</strong>: Deine Ausbildung dauert 3,5 Jahre und beginnt am 01. September 2026.</li>



<li><strong>Arbeitszeit</strong>: Du hast bei uns eine 35-Stunden-Woche und damit noch Zeit für Deine Hobbies nach Feierabend. Ganz im Sinne der Work-Life-Balance.</li>



<li><strong>Ausbildungsvergütung:</strong> Jetzt kommt das Beste, Du verdienst während Deiner Ausbildung Dein eigenes Geld &#8211; es geht mit monatlich 1.261 € im ersten Ausbildungsjahr los.</li>



<li><strong>Arbeitsatmosphäre</strong>: Ein vertrauensvolles und wertschätzendes Miteinander ist unsere Schlüssel zu einer erfolgreichen Teamkultur, in der Fehler als Chance gesehen werden und Du Dich aktiv mit Deinen Ideen einbringen darfst.</li>
</ul>



<p><strong>Deine Zukunft. Deine Ausbildung. Qlar.</strong>&nbsp;</p>



<p>Durch Deine Ausbildung zum Mechatroniker (m/w/d) baust Du ein solides Fachwissen auf und kennst bereits erste Kniffe und Tricks für den Arbeitsalltag. Typische Arbeitsbereiche für Mechatroniker (m/w/d) bei Qlar sind: Montage, Inbetriebnahme und Wartung, Qualitätskontrolle und viele mehr.</p>



<p><strong>Ausgewogene Erfolgsmischung &#8211; Wen suchen wir?</strong></p>



<p><strong>Gute Gründe, warum die Ausbildung zum Mechatroniker (m/w/d) bei Qlar das Richtige für Dich ist:</strong></p>



<ul class="wp-block-list">
<li>Du interessierst Dich für Mechanik, Elektrik und Elektronik</li>



<li>Du arbeitest gerne mit Deinen Händen und bist am liebsten aktiv</li>



<li>Du hast Lust an der Fertigung von Maschinen im Bereich Wägetechnik mitzuwirken</li>
</ul>



<p>Dann bewirb Dich bei uns!</p>



<p><strong>Wir bieten:</strong></p>



<ul class="wp-block-list">
<li>Ein spannendes Umfeld bei einem dynamischen Weltmarktführer</li>



<li>Eine attraktive Vergütung nach den Tarifbestimmungen der IG Metall Hessen mit Urlaubsgeld, Weihnachtsgeld und weiteren Zusatzzahlungen</li>



<li>Viele attraktive Sozialleistungen (RMV-JobTicket, bezuschusste Kantine, betriebliche Altersvorsorge, 30 Tage Urlaub, Parkplatz, Gesundheitsaktionen, Corporate Benefits uvm.)</li>



<li>Ein Team von Kollegen und Kolleginnen, welches Dich kollegial unterstützt.</li>



<li>Und vieles mehr!</li>
</ul>



<p><strong>Lust auf die richtige Mischung aus Abwechslung, Herausforderungen, Freiräumen und Perspektiven?</strong></p>



<p>Dann bewirb Dich jetzt! Wir freuen uns auf Deine vollständige Online-Bewerbung inkl. der letzten beiden Zeugnisse.&nbsp;<strong>Let&#8217;s get together!</strong></p>



<p><strong>Noch Fragen?</strong></p>



<p>Deine Fragen kannst Du gerne per Email an Laura Driscoll (sie/ihr) unter&nbsp;<a href="mailto:career@qlar.com">career@qlar.com</a>&nbsp;richten.</p>



<p><strong>Qlar &#8211; Was zeichnet uns aus?</strong><br>Die Vielfalt unserer Mitarbeitenden macht Qlar aus und ist essentiell für unsere Unternehmenskultur sowie unsere Arbeitsweise als Weltmarktführer. Wir freuen uns auf Ihre Bewerbung, unabhängig von Hautfarbe, Religion, Geschlecht(-identität), sexueller Orientierung, Rasse, nationaler Herkunft, Alter, Behinderung oder Familienstand.</p>



<p>Pallaswiesenstraße 100, 64293 Darmstadt, Deutschland</p>
